{"id":1037,"date":"2016-12-04T19:13:09","date_gmt":"2016-12-04T18:13:09","guid":{"rendered":"http:\/\/docenti-deps.unisi.it\/marcolonzi\/?page_id=1037"},"modified":"2026-03-18T17:57:08","modified_gmt":"2026-03-18T16:57:08","slug":"matematica-generale","status":"publish","type":"page","link":"https:\/\/docenti-deps.unisi.it\/marcolonzi\/didattica\/matematica-generale\/","title":{"rendered":"MATEMATICA GENERALE"},"content":{"rendered":"<p>MATEMATICA GENERALE<\/p>\n<p>Programma del corso:\u00a0 <a href=\"https:\/\/docenti-deps.unisi.it\/marcolonzi\/wp-content\/uploads\/sites\/14\/2025\/12\/PrgMG.pdf\">PrgMG<\/a><\/p>\n<p>Orario Lezioni A.A. 2025.26 : <strong><span style=\"color: #ff0000\">Il corso \u00e8 terminato<\/span><\/strong><\/p>\n<p>Modalit\u00e0 esami e prova intermedia: <a href=\"https:\/\/docenti-deps.unisi.it\/marcolonzi\/wp-content\/uploads\/sites\/14\/2023\/11\/ModalitaEsami.pdf\">Modalit\u00e0Esami<\/a><\/p>\n<p>Risultati Compito 4\/06\/2026:<\/p>\n<p>Risultati Prova intermedia MG 11\/11\/2025:<\/p>\n<p><a href=\"https:\/\/docenti-deps.unisi.it\/marcolonzi\/wp-content\/uploads\/sites\/14\/2025\/11\/P.I.MG_Ris_Primo.turno_.pdf\">P.I.MG_Ris_Primo.turno<\/a>\u00a0 <a href=\"https:\/\/docenti-deps.unisi.it\/marcolonzi\/wp-content\/uploads\/sites\/14\/2025\/11\/P.I.MG_Ris_Secondo.turno_.pdf\">P.I.MG_Ris_Secondo.turno<\/a><\/p>\n<p>Testi compiti e soluzioni:<\/p>\n<p><a href=\"https:\/\/docenti-deps.unisi.it\/marcolonzi\/mg-aa-2025-26\/\">MG.AA. 2025\/26<\/a><\/p>\n<p><a href=\"https:\/\/docenti-deps.unisi.it\/marcolonzi\/compiti-mg-aa-2024-25\/\">MG.AA. 2024\/25<\/a><\/p>\n<p><a href=\"https:\/\/docenti-deps.unisi.it\/marcolonzi\/compiti-mg-aa-2023-24\/\">MG.AA. 2023\/24<\/a><\/p>\n<p><a href=\"https:\/\/docenti-deps.unisi.it\/marcolonzi\/compiti-mg-aa-2022-23\/\">MG.AA. 2022\/23<\/a><\/p>\n<p><a href=\"https:\/\/docenti-deps.unisi.it\/marcolonzi\/compiti-mg-aa-2021-22\/\">MG AA. 2021\/22<\/a><\/p>\n<p><a href=\"https:\/\/docenti-deps.unisi.it\/marcolonzi\/compiti-mg-aa-2020-21\/\">MG AA. 2020\/21<\/a><\/p>\n<p><a href=\"https:\/\/docenti-deps.unisi.it\/marcolonzi\/compiti-mg-aa-201920\/\">MG AA. 2019\/20<\/a><\/p>\n<p><a href=\"https:\/\/docenti-deps.unisi.it\/marcolonzi\/compiti-mg-aa-201819\/\">MG AA. 2018\/19<\/a><\/p>\n<p>&nbsp;<\/p>\n<p>&nbsp;<\/p>\n<p>&nbsp;<\/p>\n<p>&nbsp;<\/p>\n","protected":false},"excerpt":{"rendered":"<p>MATEMATICA GENERALE Programma del corso:\u00a0 PrgMG Orario Lezioni A.A. 2025.26 : Il corso \u00e8 terminato Modalit\u00e0 esami e prova intermedia: Modalit\u00e0Esami Risultati Compito 4\/06\/2026: Risultati Prova intermedia MG 11\/11\/2025: P.I.MG_Ris_Primo.turno\u00a0 P.I.MG_Ris_Secondo.turno Testi compiti e soluzioni: MG.AA. 2025\/26 MG.AA. 2024\/25 MG.AA. 2023\/24 MG.AA. 2022\/23 MG AA. 2021\/22 MG AA. 2020\/21 MG AA. 2019\/20 MG AA. 2018\/19 &hellip; <a href=\"https:\/\/docenti-deps.unisi.it\/marcolonzi\/didattica\/matematica-generale\/\" class=\"more-link\">Leggi tutto<span class=\"screen-reader-text\"> &#8220;MATEMATICA GENERALE&#8221;<\/span><\/a><\/p>\n","protected":false},"author":24,"featured_media":0,"parent":11,"menu_order":0,"comment_status":"closed","ping_status":"closed","template":"","meta":{"footnotes":""},"class_list":["post-1037","page","type-page","status-publish","hentry"],"_links":{"self":[{"href":"https:\/\/docenti-deps.unisi.it\/marcolonzi\/wp-json\/wp\/v2\/pages\/1037","targetHints":{"allow":["GET"]}}],"collection":[{"href":"https:\/\/docenti-deps.unisi.it\/marcolonzi\/wp-json\/wp\/v2\/pages"}],"about":[{"href":"https:\/\/docenti-deps.unisi.it\/marcolonzi\/wp-json\/wp\/v2\/types\/page"}],"author":[{"embeddable":true,"href":"https:\/\/docenti-deps.unisi.it\/marcolonzi\/wp-json\/wp\/v2\/users\/24"}],"replies":[{"embeddable":true,"href":"https:\/\/docenti-deps.unisi.it\/marcolonzi\/wp-json\/wp\/v2\/comments?post=1037"}],"version-history":[{"count":650,"href":"https:\/\/docenti-deps.unisi.it\/marcolonzi\/wp-json\/wp\/v2\/pages\/1037\/revisions"}],"predecessor-version":[{"id":5384,"href":"https:\/\/docenti-deps.unisi.it\/marcolonzi\/wp-json\/wp\/v2\/pages\/1037\/revisions\/5384"}],"up":[{"embeddable":true,"href":"https:\/\/docenti-deps.unisi.it\/marcolonzi\/wp-json\/wp\/v2\/pages\/11"}],"wp:attachment":[{"href":"https:\/\/docenti-deps.unisi.it\/marcolonzi\/wp-json\/wp\/v2\/media?parent=1037"}],"curies":[{"name":"wp","href":"https:\/\/api.w.org\/{rel}","templated":true}]}}