{"id":13,"date":"2014-08-26T23:41:39","date_gmt":"2014-08-26T21:41:39","guid":{"rendered":"http:\/\/michelangelovasta.wordpress.com\/?page_id=13"},"modified":"2023-09-12T18:30:42","modified_gmt":"2023-09-12T16:30:42","slug":"curriculum","status":"publish","type":"page","link":"https:\/\/docenti-deps.unisi.it\/marziamarcheselli\/curriculum\/","title":{"rendered":"Curriculum"},"content":{"rendered":"<p style=\"text-align: justify\"><span style=\"color: #333333\">Novembre 1993 &#8211; Laurea con lode in Scienze Statistiche ed Economiche, Universit\u00e0 di Siena.<\/span><br \/>\n<span style=\"color: #333333\"> Luglio 1998 &#8211; Dottorato di ricerca in Statistica applicata, Universit\u00e0 di Firenze.<\/span><br \/>\n<span style=\"color: #333333\"> Da maggio 2000 a ottobre 2006, Ricercatore universitario, Universit\u00e0 di Siena.<\/span><br \/>\n<span style=\"color: #333333\"> Da novembre 2006, Professore Associato, Universit\u00e0 di Siena.<\/span><br \/>\n<span style=\"color: #333333\"> Da dicembre 2018, Professore Ordinario,\u00a0Universit\u00e0 di Siena.<\/span><\/p>\n<p><a href=\"https:\/\/docenti-deps.unisi.it\/marziamarcheselli\/wp-content\/uploads\/sites\/34\/2023\/09\/Curriculum-vitae.pdf\">Curriculum vitae<\/a><\/p>\n<p>&nbsp;<\/p>\n","protected":false},"excerpt":{"rendered":"<p>Novembre 1993 &#8211; Laurea con lode in Scienze Statistiche ed Economiche, Universit\u00e0 di Siena. Luglio 1998 &#8211; Dottorato di ricerca in Statistica applicata, Universit\u00e0 di Firenze. Da maggio 2000 a ottobre 2006, Ricercatore universitario, Universit\u00e0 di Siena. Da novembre 2006, Professore Associato, Universit\u00e0 di Siena. Da dicembre 2018, Professore Ordinario,\u00a0Universit\u00e0 di Siena. Curriculum vitae &nbsp;<\/p>\n","protected":false},"author":9,"featured_media":0,"parent":0,"menu_order":0,"comment_status":"closed","ping_status":"closed","template":"","meta":{"footnotes":""},"class_list":["post-13","page","type-page","status-publish","hentry"],"_links":{"self":[{"href":"https:\/\/docenti-deps.unisi.it\/marziamarcheselli\/wp-json\/wp\/v2\/pages\/13","targetHints":{"allow":["GET"]}}],"collection":[{"href":"https:\/\/docenti-deps.unisi.it\/marziamarcheselli\/wp-json\/wp\/v2\/pages"}],"about":[{"href":"https:\/\/docenti-deps.unisi.it\/marziamarcheselli\/wp-json\/wp\/v2\/types\/page"}],"author":[{"embeddable":true,"href":"https:\/\/docenti-deps.unisi.it\/marziamarcheselli\/wp-json\/wp\/v2\/users\/9"}],"replies":[{"embeddable":true,"href":"https:\/\/docenti-deps.unisi.it\/marziamarcheselli\/wp-json\/wp\/v2\/comments?post=13"}],"version-history":[{"count":19,"href":"https:\/\/docenti-deps.unisi.it\/marziamarcheselli\/wp-json\/wp\/v2\/pages\/13\/revisions"}],"predecessor-version":[{"id":1131,"href":"https:\/\/docenti-deps.unisi.it\/marziamarcheselli\/wp-json\/wp\/v2\/pages\/13\/revisions\/1131"}],"wp:attachment":[{"href":"https:\/\/docenti-deps.unisi.it\/marziamarcheselli\/wp-json\/wp\/v2\/media?parent=13"}],"curies":[{"name":"wp","href":"https:\/\/api.w.org\/{rel}","templated":true}]}}