{"id":1350,"date":"2019-02-04T09:25:57","date_gmt":"2019-02-04T08:25:57","guid":{"rendered":"http:\/\/docenti-deps.unisi.it\/nicoladimitri\/?page_id=1350"},"modified":"2020-05-05T15:17:50","modified_gmt":"2020-05-05T13:17:50","slug":"microeconomia-per-manager-2018-2019","status":"publish","type":"page","link":"https:\/\/docenti-deps.unisi.it\/nicoladimitri\/microeconomia-per-manager-2018-2019\/","title":{"rendered":"Microeconomia per Manager &#8211; 2018-2019"},"content":{"rendered":"<p><a href=\"https:\/\/docenti-deps.unisi.it\/nicoladimitri\/wp-content\/uploads\/sites\/13\/2019\/02\/MicroeconomiaperManagerCalendarioDimitriFebbraio-Giugno2019.docx\">Microeconomia per Manager Calendario<\/a><\/p>\n<p>(28 02 2019) Domani Venerd\u00ec 1 Marzo il ricevimento studenti \u00e8 cancellato<\/p>\n<p>(28 02 2019) Slides lezione odierna<\/p>\n<p><a href=\"https:\/\/docenti-deps.unisi.it\/nicoladimitri\/wp-content\/uploads\/sites\/13\/2019\/02\/DimitriGiochi28022019.pdf\">DimitriGiochi28022019<\/a><\/p>\n<p>(03 03 2019) Slides lezione 01 03 2019<\/p>\n<p><a href=\"https:\/\/docenti-deps.unisi.it\/nicoladimitri\/wp-content\/uploads\/sites\/13\/2019\/03\/Dimitrigiochi01032019.pdf\">Dimitrigiochi01032019<\/a><\/p>\n<p>(09 03 2019) Slides lezioni 7 ed 8 Marzo 2019<\/p>\n<p><a href=\"https:\/\/docenti-deps.unisi.it\/nicoladimitri\/wp-content\/uploads\/sites\/13\/2019\/03\/Giochi07032019.pdf\">Giochi07032019<\/a><\/p>\n<p><a href=\"https:\/\/docenti-deps.unisi.it\/nicoladimitri\/wp-content\/uploads\/sites\/13\/2019\/03\/DimitriGiochi08032019.pdf\">DimitriGiochi08032019<\/a><\/p>\n<p>(02 04 2019)\u00a0 Facendo seguito alla richiesta inoltrata dagli studenti, il giorno Venerd\u00ec 26 Aprile non si terr\u00e0 lezione. La lezione sar\u00e0 recuperata il giorno Gioved\u00ec 2 Maggio, dalle 18 alle 19.30 in Aula Caparrelli B<\/p>\n<p>Slides lezioni 28 e 29 Marzo 2019<\/p>\n<p><a href=\"https:\/\/docenti-deps.unisi.it\/nicoladimitri\/wp-content\/uploads\/sites\/13\/2019\/04\/MicroperManager28032019.pdf\">MicroperManager28032019<\/a><\/p>\n<p><a href=\"https:\/\/docenti-deps.unisi.it\/nicoladimitri\/wp-content\/uploads\/sites\/13\/2019\/04\/Micropermanager29032019-1.pdf\">Micropermanager29032019 (1)<\/a><\/p>\n<p>(6 Aprile 2019) Come anticipato a lezione \u00e8 ora possibile prenotarsi sul sistema per il test intermedio che si terr\u00e0 il giorno Gioved\u00ec 16 Maggio h 16, in orario lezione. Sempre come anticipato, qualora gli iscritti fossero particolarmente numerosi il test sar\u00e0 suddiviso in due sessioni. Informazioni a riguardo saranno fornite in tempo utile in classe e\/o su questo sito.<\/p>\n<p>(7 Aprile 2019) Slides lezioni 4 e 5 Aprile 2019<\/p>\n<p><a href=\"https:\/\/docenti-deps.unisi.it\/nicoladimitri\/wp-content\/uploads\/sites\/13\/2019\/04\/MicroperMago04-5042019.pdf\">MicroperMago04-5042019<\/a><\/p>\n<p>(14 Aprile 2019) Slides lezioni 11 e 12 Aprile<\/p>\n<p><a href=\"https:\/\/docenti-deps.unisi.it\/nicoladimitri\/wp-content\/uploads\/sites\/13\/2019\/04\/MicroperMago11042019.pdf\">MicroperMago11042019<\/a><\/p>\n<p><a href=\"https:\/\/docenti-deps.unisi.it\/nicoladimitri\/wp-content\/uploads\/sites\/13\/2019\/04\/Micropermago12042019.pdf\">Micropermago12042019<\/a><\/p>\n<p>Inoltre, come anticipato, qui di seguito gli studenti possono trovare il primo set di esercizi, per la preparazione al test intermedio del 16 Maggio. Tali esercizi saranno discussi in classe dagli studenti, che si ruoteranno alla lavagna, nei giorni 9 e 10 Maggio.<\/p>\n<p><a href=\"https:\/\/docenti-deps.unisi.it\/nicoladimitri\/wp-content\/uploads\/sites\/13\/2019\/04\/MicroMagoEsercizi1parte2019.docx\">MicroMagoEsercizi1parte2019<\/a><\/p>\n<p>Infine, prima del rientro dalle festivit\u00e0 sar\u00e0 inoltre resa disponibile una simulazione del test intermedio sul questo sito web.<\/p>\n<p>(27 Aprile 2019) Simulazione test intermedio del 16 Aprile 2019. Anche gli esercizi della simulazione saranno discussi in classe nei giorni 9 e 10 Maggio insieme agli altri esercizi assegnati.<\/p>\n<p><a href=\"https:\/\/docenti-deps.unisi.it\/nicoladimitri\/wp-content\/uploads\/sites\/13\/2019\/04\/SimulazioneMicroMago1Intermedio16052019.pdf\">SimulazioneMicroMago1Intermedio16052019<\/a><\/p>\n<p>(5 maggio 2019) Slides lezioni 2 e 3 Maggio<\/p>\n<p><a href=\"https:\/\/docenti-deps.unisi.it\/nicoladimitri\/wp-content\/uploads\/sites\/13\/2019\/05\/MicroMago02-03052019.pdf\">MicroMago02-03052019<\/a><\/p>\n<p>(11 Maggio 2019) Facendo seguito alle informazioni fornite a lezione, si conferma che per il test intermedio vi saranno due gruppi. Seguendo l&#8217;ordine alfabetico del cognome, al primo gruppo appartengono gli studenti fino allo studente Vincenzo Langella (compreso), mentre gli altri al secondo gruppo.<\/p>\n<p>Come detto, per fare in modo che i due gruppi possano eseguire la prova entro la chiusura del plesso, il primo gruppo dovr\u00e0 presentarsi entro le 15.40 presso l&#8217;Aula Caparrelli B, per poter iniziare alle 16 e terminare cos\u00ec alle 17.30.<\/p>\n<p>Gli studenti del secondo gruppo attenderanno (non oltre le 17.30) in silenzio nel corridoio-scale, dell&#8217;ingresso interno, il termine della prova del primo gruppo,ed entreranno non appena il primo gruppo avr\u00e0 terminato e gli studenti saranno usciti dall&#8217;ingresso esterno. In questo modo anche il secondo gruppo potr\u00e0 iniziare alle 18 e terminare entro le 19.30.<\/p>\n<p>Qui di seguito sono disponibili le slides delle esercitazioni 9 e 10 Maggio<\/p>\n<p><a href=\"https:\/\/docenti-deps.unisi.it\/nicoladimitri\/wp-content\/uploads\/sites\/13\/2019\/05\/Microeconomia09052019.pdf\">Microeconomia09052019<\/a><\/p>\n<p><a href=\"https:\/\/docenti-deps.unisi.it\/nicoladimitri\/wp-content\/uploads\/sites\/13\/2019\/05\/Microeconomia10052019.pdf\">Microeconomia10052019<\/a><\/p>\n<p>E&#8217; possibile che altre informazioni ed indicazioni siano apposte prima del test; per questo motivo si suggerisce agli studenti di visionare questo sito web con regolarit\u00e0. Infine, Mercoled\u00ec 15, dopo la lezione del Prof. Rubinstein, \u00e8 possibile che abbia comunque luogo il ricevimento studenti, anche se con ritardo.<\/p>\n<p>(18 Maggio 2019)<\/p>\n<p>Slides lezione Maggio 17 Maggio 2019<\/p>\n<p><a href=\"https:\/\/docenti-deps.unisi.it\/nicoladimitri\/wp-content\/uploads\/sites\/13\/2019\/05\/MicroMago17052019.pdf\">MicroMago17052019<\/a><\/p>\n<p>(25 maggio 2019) Slides lezioni 23-24 Maggio 2019<\/p>\n<p><a href=\"https:\/\/docenti-deps.unisi.it\/nicoladimitri\/wp-content\/uploads\/sites\/13\/2019\/05\/MicroperMago24052019.pdf\">MicroperMago24052019<\/a><\/p>\n<p>Due simulazioni test seconda parte. Come anticipato, ancora non siete in grado di risolvere alcuni esercizi ma pu\u00f2 essere utile per voi cominciare a cimentarvi con la prova. Pi\u00f9 avanti potranno seguire altri problemi<\/p>\n<p><a href=\"https:\/\/docenti-deps.unisi.it\/nicoladimitri\/wp-content\/uploads\/sites\/13\/2019\/05\/MicroMago2019Simulazione2parte.docx\">MicroMago2019Simulazione2parte<\/a><\/p>\n<p><a href=\"https:\/\/docenti-deps.unisi.it\/nicoladimitri\/wp-content\/uploads\/sites\/13\/2019\/05\/MicroMago2019secondasimulazione2parte.docx\">MicroMago2019secondasimulazione2parte<\/a><\/p>\n<p>Si confermano infine le lezioni di Gioved\u00ec 30 (con possibile raddoppio lezione) e venerd\u00ec 31 Maggio., insieme alla discussione aperta sugli esercizi di Marted\u00ec 4 Giugno, h 10-13, Aula Caparrelli B.<\/p>\n<p>(28 Maggio 2019) Votazioni test intermedio 16 Maggio 2019. Gli studenti potranno visionare il compito Gioved\u00ec 30 Maggio 2019, orario lezione.<\/p>\n<p><a href=\"https:\/\/docenti-deps.unisi.it\/nicoladimitri\/wp-content\/uploads\/sites\/13\/2019\/05\/MicroperMagoRisultatiTestintermedio16052019.pdf\">MicroperMagoRisultatiTestintermedio16052019<\/a><\/p>\n<p>Si informano gli studenti che per un problema di formato file alcuni voti compaiono sbarrati in orizzontale. Tale sbarra non ha alcun significato quindi.<\/p>\n<p>(2 Giugno 2019)\u00a0 Votazioni test intermedio dopo verifica esercizio su asta (compito con indovina la potenza) ed altre verifiche<\/p>\n<p><a href=\"https:\/\/docenti-deps.unisi.it\/nicoladimitri\/wp-content\/uploads\/sites\/13\/2019\/06\/MicroperMagoRisultatiTestintermedio16052019Rivisto.xlsx\">MicroperMagoRisultatiTestintermedio16052019Rivisto<\/a><\/p>\n<p>(2 Giugno 2019) Slides lezioni 30 e 31 Maggio 2019<\/p>\n<p><a href=\"https:\/\/docenti-deps.unisi.it\/nicoladimitri\/wp-content\/uploads\/sites\/13\/2019\/06\/MicroMago30e31Maggio.pdf\">MicroMago30e31Maggio<\/a><\/p>\n<p>(5 Giugno 2019) Si informano gli studenti che orale ed accettazione (registrazione) voto relativi all&#8217;appello del 7 Giugno 2019 si terr\u00e0 il giorno Venerd\u00ec 14 Giugno ore 10-13 presso l&#8217;Aula 9. Si conferma che l&#8217;orale non \u00e8 obbligatorio. Coloro che non possono essere presenti il giorno 14 Giugno devono inviare una persona delegata. Il delegato deve essere in possesso del proprio documento di riconoscimento e di una dichiarazione dello studente che lo delega ad accettare e firmare per suo conto. Senza accettazione, diretta da parte dello studente, o indiretta mediante delegato, il voto non potr\u00e0 essere registrato.<\/p>\n<p>(11 Giugno 2019) Votazioni finali (dopo test intermedio) esame 7 Giugno 2019<\/p>\n<p><a href=\"https:\/\/docenti-deps.unisi.it\/nicoladimitri\/wp-content\/uploads\/sites\/13\/2019\/06\/MicroeconomiaperManagervotazionifinalidopointermedio07062019.pdf\">MicroeconomiaperManagervotazionifinalidopointermedio07062019<\/a><\/p>\n<p>Si comunica inoltre che i compiti potranno essere visionati Venerd\u00ec 14, in occasione della sessione orale+accettazione<\/p>\n<p>(30 Giugno 2019) Votazioni finali (dopo test intermedio) prova 28 Giugno 2019<\/p>\n<p><a href=\"https:\/\/docenti-deps.unisi.it\/nicoladimitri\/wp-content\/uploads\/sites\/13\/2019\/06\/MicroeconomiaperManagervotazionifinalidopointermedio28062019.pdf\">MicroeconomiaperManagervotazionifinali(dopointermedio)28062019<\/a><\/p>\n<p>Si informano gli studenti che orale ed accettazione (registrazione) voto relativi all&#8217;appello del 28 Giugno 2019 si terr\u00e0 il giorno Mercoled\u00ec\u00a0 3 Luglio ore 10.30-13 presso l&#8217;Aula Chiostro. Si conferma che l&#8217;orale non \u00e8 obbligatorio. Coloro che non possono essere presenti il giorno 3 Luglio devono inviare una persona delegata. Il delegato deve essere in possesso del proprio documento di riconoscimento e di una dichiarazione dello studente che lo delega ad accettare e firmare per suo conto. Senza accettazione, diretta da parte dello studente, o indiretta mediante delegato, il voto non potr\u00e0 essere registrato.<\/p>\n<p>(5 Settembre 2019) Votazioni finali (dopo test intermedio) prova 5 Settembre 2019<\/p>\n<p>Matricola\u00a0 \u00a0 \u00a0 \u00a0Votazione<\/p>\n<p>074252\u00a0 \u00a0 \u00a0 \u00a0 \u00a0 \u00a0 \u00a0 \u00a0 \u00a018<\/p>\n<p>085010\u00a0 \u00a0 \u00a0 \u00a0 \u00a0 \u00a0 \u00a0 \u00a0 \u00a0 20<\/p>\n<p>085379\u00a0 \u00a0 \u00a0 \u00a0 \u00a0 \u00a0 \u00a0 \u00a0 \u00a0ins<\/p>\n<p>088032\u00a0 \u00a0 \u00a0 \u00a0 \u00a0 \u00a0 \u00a0 \u00a0 30<\/p>\n<p>088077\u00a0 \u00a0 \u00a0 \u00a0 \u00a0 \u00a0 \u00a0 \u00a0 21<\/p>\n<p>088282\u00a0 \u00a0 \u00a0 \u00a0 \u00a0 \u00a0 \u00a0 \u00a0 23<\/p>\n<p>088896\u00a0 \u00a0 \u00a0 \u00a0 \u00a0 \u00a0 \u00a0 \u00a028<\/p>\n<p>091591\u00a0 \u00a0 \u00a0 \u00a0 \u00a0 \u00a0 \u00a0 \u00a0 \u00a0 30<\/p>\n<p>&nbsp;<\/p>\n<p>Gli studenti devono inviarmi una mail quanto prima a &#8220;dimitri@unisi.it&#8221; per dirmi se i) accettano ii) rifiutano o iii) desiderano sostenere la prova orale.\u00a0 Coloro che desiderano sostenere l&#8217;orale devono presentarsi domani, 6\u00a0 Settembre, h 16 in Aula 5.<\/p>\n<p>(21 Settembre 2019) Votazioni test scritto 20 Settembre 2019<\/p>\n<p>Matricola\u00a0 \u00a0 Votazione<\/p>\n<p>080617\u00a0 \u00a0 \u00a0 \u00a0 \u00a0 \u00a026<\/p>\n<p>085379\u00a0 \u00a0 \u00a0 \u00a0 \u00a0 22<\/p>\n<p>088277\u00a0 \u00a0 \u00a0 \u00a0 \u00a029<\/p>\n<p>088282\u00a0 \u00a0 \u00a0 \u00a0 29<\/p>\n<p>089061\u00a0 \u00a0 \u00a0 \u00a0 \u00a024<\/p>\n<p>091056\u00a0 \u00a0 \u00a0 \u00a0 24<\/p>\n<p>Dato il numero limitato di studenti presenti all&#8217;appello, chi accetta (rifiuta) la votazione della prova scritta pu\u00f2 inviarmi quanto prima una mail di accettazione (rifiuto) a &#8220;dimitri@unisi.it&#8221;. Chi desidera sostenere l&#8217;orale si presenti luned\u00ec 23, h 10, in Aula 2.<\/p>\n<p>&nbsp;<\/p>\n<p>&nbsp;<\/p>\n<p>&nbsp;<\/p>\n","protected":false},"excerpt":{"rendered":"<p>Microeconomia per Manager Calendario (28 02 2019) Domani Venerd\u00ec 1 Marzo il ricevimento studenti \u00e8 cancellato (28 02 2019) Slides lezione odierna DimitriGiochi28022019 (03 03 2019) Slides lezione 01 03 2019 Dimitrigiochi01032019 (09 03 2019) Slides lezioni 7 ed 8 Marzo 2019 Giochi07032019 DimitriGiochi08032019 (02 04 2019)\u00a0 Facendo seguito alla richiesta inoltrata dagli studenti, il &hellip; <a href=\"https:\/\/docenti-deps.unisi.it\/nicoladimitri\/microeconomia-per-manager-2018-2019\/\" class=\"more-link\">Leggi tutto<span class=\"screen-reader-text\"> &#8220;Microeconomia per Manager &#8211; 2018-2019&#8221;<\/span><\/a><\/p>\n","protected":false},"author":9,"featured_media":0,"parent":0,"menu_order":0,"comment_status":"closed","ping_status":"closed","template":"","meta":{"footnotes":""},"class_list":["post-1350","page","type-page","status-publish","hentry"],"_links":{"self":[{"href":"https:\/\/docenti-deps.unisi.it\/nicoladimitri\/wp-json\/wp\/v2\/pages\/1350","targetHints":{"allow":["GET"]}}],"collection":[{"href":"https:\/\/docenti-deps.unisi.it\/nicoladimitri\/wp-json\/wp\/v2\/pages"}],"about":[{"href":"https:\/\/docenti-deps.unisi.it\/nicoladimitri\/wp-json\/wp\/v2\/types\/page"}],"author":[{"embeddable":true,"href":"https:\/\/docenti-deps.unisi.it\/nicoladimitri\/wp-json\/wp\/v2\/users\/9"}],"replies":[{"embeddable":true,"href":"https:\/\/docenti-deps.unisi.it\/nicoladimitri\/wp-json\/wp\/v2\/comments?post=1350"}],"version-history":[{"count":36,"href":"https:\/\/docenti-deps.unisi.it\/nicoladimitri\/wp-json\/wp\/v2\/pages\/1350\/revisions"}],"predecessor-version":[{"id":1505,"href":"https:\/\/docenti-deps.unisi.it\/nicoladimitri\/wp-json\/wp\/v2\/pages\/1350\/revisions\/1505"}],"wp:attachment":[{"href":"https:\/\/docenti-deps.unisi.it\/nicoladimitri\/wp-json\/wp\/v2\/media?parent=1350"}],"curies":[{"name":"wp","href":"https:\/\/api.w.org\/{rel}","templated":true}]}}