{"id":2422,"date":"2024-09-05T10:28:16","date_gmt":"2024-09-05T08:28:16","guid":{"rendered":"https:\/\/docenti-deps.unisi.it\/nicoladimitri\/?page_id=2422"},"modified":"2025-07-19T10:16:27","modified_gmt":"2025-07-19T08:16:27","slug":"microeconomia-per-manager-a-a-2024-2025","status":"publish","type":"page","link":"https:\/\/docenti-deps.unisi.it\/nicoladimitri\/microeconomia-per-manager-a-a-2024-2025\/","title":{"rendered":"Microeconomia per Manager a.a. 2024-2025"},"content":{"rendered":"<p>(2 Febbraio 2025)<\/p>\n<p><a href=\"https:\/\/docenti-deps.unisi.it\/nicoladimitri\/wp-content\/uploads\/sites\/13\/2025\/02\/MicroeconomiaperManagerCalendarioDimitri2025.docx\">MicroeconomiaperManagerCalendarioDimitri2025<\/a><\/p>\n<p>(13 Febbraio 2025) Si informano gli studenti che, per subentrati impegni istituzionali, l&#8217;esame di Microeconomia per Manager si terr\u00e0 Marted\u00ec 18 Febbraio alle ore 11.30 e NON alle 16, come fissato inizialmente. Dato il numero esiguo di esaminandi, il test si terr\u00e0 in Aula 3 insieme agli studenti di Monetary Economics (basic).<br \/>\nPer qualunque problema non esitate a contattarmi<\/p>\n<p>(26 Febbraio 2025) Con la presente si conferma che il corso di Microeconomia per Manager, a partire dal corrente AA 2024-25, sar\u00e0 di 9 CFU e quindi di 60h.<br \/>\nQui sotto invio il calendario delle lezioni aggiornato. Come vedete, le lezioni termineranno il 23 Maggio 2025.<\/p>\n<p><a href=\"https:\/\/docenti-deps.unisi.it\/nicoladimitri\/wp-content\/uploads\/sites\/13\/2025\/02\/MicroeconomiaperManagerCalendarioDimitri2025-1.docx\">MicroeconomiaperManagerCalendarioDimitri2025<\/a><\/p>\n<p>(30 Marzo 2025) Facendo seguito a quanto concordato in classe, si conferma che il primo test intermedio si terr\u00e0 il giorno Gioved\u00ec 22 Maggio h 12, in orario di lezione in Aula Chiostro.<br \/>\nE&#8217; gi\u00e0 possibile prenotarsi per tale test.<\/p>\n<p>( 7 Aprile 2025) Il seguente messaggio \u00e8 per informare gli studenti di quanto segue:<br \/>\n1) la lezione di Gioved\u00ec 10 Aprile inizier\u00e0 alle 12.30 e terminer\u00e0 alle 14.<br \/>\n2) In allegato invio il calendario delle lezioni aggiornato, a partire da Mercoled\u00ec 9 Aprile, fino al termine. Come vedete, e come concordato in classe, saranno recuperate tre lezioni il pomeriggio dei Venerd\u00ec 11 Aprile, 9 Maggio e 23 Maggio h 16-18 in Aula Caparrelli A.<br \/>\nSe problemi non esitate a contattarmi quanto prima<\/p>\n<p><a href=\"https:\/\/docenti-deps.unisi.it\/nicoladimitri\/wp-content\/uploads\/sites\/13\/2025\/04\/MicroeconomiaperManagerCalendarioDimitri2025Aggiornato.docx\">MicroeconomiaperManagerCalendarioDimitri2025Aggiornato<\/a><\/p>\n<p>(10 Aprile 2025) Qui sotto gli studenti\u00a0 possono trovare:<br \/>\n1) un set di esercizi di preparazione al test intermedio del 22 Maggio 2025<br \/>\n2) una simulazione del test intermedio<br \/>\nGli esercizi saranno discussi in classe a partire da domani 11 Aprile 2025<\/p>\n<p><a href=\"https:\/\/docenti-deps.unisi.it\/nicoladimitri\/wp-content\/uploads\/sites\/13\/2025\/04\/MicroMagoSimulazione1parte2025.docx\">MicroMagoSimulazione1parte2025<\/a><\/p>\n<p><a href=\"https:\/\/docenti-deps.unisi.it\/nicoladimitri\/wp-content\/uploads\/sites\/13\/2025\/04\/MicroMagoEsercizi1parte2025.docx\">MicroMagoEsercizi1parte2025<\/a><\/p>\n<p>(20 Maggio 2025) Qui sotto gli studenti possono trovare due simulazioni per il secondo test parziale del 10 Giugno 2025<\/p>\n<p><a href=\"https:\/\/docenti-deps.unisi.it\/nicoladimitri\/wp-content\/uploads\/sites\/13\/2025\/05\/MicroMagoSimulazione2parte2025.docx\">MicroMagoSimulazione2parte2025<\/a><\/p>\n<p>(30 Maggio 2025) In allegato gli studenti possono trovare le votazioni del test intermedio del 26 Maggio 2025. Si conferma che solo coloro che hanno superato il test intermedio possono iscriversi al secondo test parziale, del 10 Giugno 2025. Come anticipato, il test del 10 Giugno non \u00e8 obbligatorio e gli studenti potranno sostenere la seconda parte in qualunque appello ufficiale della sessione estiva, incluso Settembre.<\/p>\n<p><a href=\"https:\/\/docenti-deps.unisi.it\/nicoladimitri\/wp-content\/uploads\/sites\/13\/2025\/05\/MicroMagoIntermedio26052025Votazioni.xlsx\">MicroMagoIntermedio26052025Votazioni<\/a><\/p>\n<p>(10 Giugno 2025) In allegato le votazioni finali\u00a0 dopo il secondo test parziale di oggi 10\/6\/2025. Chi intende sostenere di nuovo tutto il compito deve inviarmi una mail entro domani gioved\u00ec 12 alle h18. In assenza di vostre comunicazioni proceder\u00f2 con la registrazione del voto.<\/p>\n<p><a href=\"https:\/\/docenti-deps.unisi.it\/nicoladimitri\/wp-content\/uploads\/sites\/13\/2025\/06\/MicroMagoIntermedio10062025Votazioni.xlsx\">MicroMagoIntermedio10062025Votazioni<\/a><\/p>\n<p>(26 Giugno 2025) Qui sotto\u00a0le votazioni finali del test tenutosi il 24\/6\/2025. Gli studenti che intendono rifiutare il voto e sostenere di nuovo l&#8217;esame devono inviarmi una mail entro domani, 28 Giugno, h 13. In assenza provveder\u00f2 con il registrare le votazioni sul sistema.<\/p>\n<p><a href=\"https:\/\/docenti-deps.unisi.it\/nicoladimitri\/wp-content\/uploads\/sites\/13\/2025\/06\/MicroMagoFinale24062025Votazioni.xlsx\">MicroMagoFinale24062025Votazioni<\/a><\/p>\n<p>(19 Luiglio 2025) Qui sotto le votazioni del test di Microeconomia per Manager del 15 Luglio 2025. Chi intende sostenere di nuovo il test deve comunicarmelo entro domani, 20 Luglio 2025, alle h 12. Altrimenti la votazione sar\u00e0 registrata nel sistema<\/p>\n<p><a href=\"https:\/\/docenti-deps.unisi.it\/nicoladimitri\/wp-content\/uploads\/sites\/13\/2025\/07\/MicroMagovotazionifinali15072025.xlsx\">MicroMagovotazionifinali15072025<\/a><\/p>\n","protected":false},"excerpt":{"rendered":"<p>(2 Febbraio 2025) MicroeconomiaperManagerCalendarioDimitri2025 (13 Febbraio 2025) Si informano gli studenti che, per subentrati impegni istituzionali, l&#8217;esame di Microeconomia per Manager si terr\u00e0 Marted\u00ec 18 Febbraio alle ore 11.30 e NON alle 16, come fissato inizialmente. Dato il numero esiguo di esaminandi, il test si terr\u00e0 in Aula 3 insieme agli studenti di Monetary Economics &hellip; <a href=\"https:\/\/docenti-deps.unisi.it\/nicoladimitri\/microeconomia-per-manager-a-a-2024-2025\/\" class=\"more-link\">Leggi tutto<span class=\"screen-reader-text\"> &#8220;Microeconomia per Manager a.a. 2024-2025&#8221;<\/span><\/a><\/p>\n","protected":false},"author":9,"featured_media":0,"parent":0,"menu_order":0,"comment_status":"closed","ping_status":"closed","template":"","meta":{"footnotes":""},"class_list":["post-2422","page","type-page","status-publish","hentry"],"_links":{"self":[{"href":"https:\/\/docenti-deps.unisi.it\/nicoladimitri\/wp-json\/wp\/v2\/pages\/2422","targetHints":{"allow":["GET"]}}],"collection":[{"href":"https:\/\/docenti-deps.unisi.it\/nicoladimitri\/wp-json\/wp\/v2\/pages"}],"about":[{"href":"https:\/\/docenti-deps.unisi.it\/nicoladimitri\/wp-json\/wp\/v2\/types\/page"}],"author":[{"embeddable":true,"href":"https:\/\/docenti-deps.unisi.it\/nicoladimitri\/wp-json\/wp\/v2\/users\/9"}],"replies":[{"embeddable":true,"href":"https:\/\/docenti-deps.unisi.it\/nicoladimitri\/wp-json\/wp\/v2\/comments?post=2422"}],"version-history":[{"count":14,"href":"https:\/\/docenti-deps.unisi.it\/nicoladimitri\/wp-json\/wp\/v2\/pages\/2422\/revisions"}],"predecessor-version":[{"id":2516,"href":"https:\/\/docenti-deps.unisi.it\/nicoladimitri\/wp-json\/wp\/v2\/pages\/2422\/revisions\/2516"}],"wp:attachment":[{"href":"https:\/\/docenti-deps.unisi.it\/nicoladimitri\/wp-json\/wp\/v2\/media?parent=2422"}],"curies":[{"name":"wp","href":"https:\/\/api.w.org\/{rel}","templated":true}]}}