{"id":2523,"date":"2025-09-10T12:56:52","date_gmt":"2025-09-10T10:56:52","guid":{"rendered":"https:\/\/docenti-deps.unisi.it\/nicoladimitri\/?page_id=2523"},"modified":"2026-05-06T11:31:39","modified_gmt":"2026-05-06T09:31:39","slug":"microeconomia-per-manager-2025-2026","status":"publish","type":"page","link":"https:\/\/docenti-deps.unisi.it\/nicoladimitri\/microeconomia-per-manager-2025-2026\/","title":{"rendered":"Microeconomia per Manager 2025-2026"},"content":{"rendered":"<p>(16 Dicembre 2025) Qui sotto gli studenti possono trovare il Calendario delle lezioni e le altre informazioni sul corso<\/p>\n<p><a href=\"https:\/\/docenti-deps.unisi.it\/nicoladimitri\/wp-content\/uploads\/sites\/13\/2025\/12\/MicroeconomiaperManagerCalendarioDimitri2026.docx\">MicroeconomiaperManagerCalendarioDimitri2026<\/a><\/p>\n<p>(2 Febbraio 2926)\u00a0 (Aggiornamento Calendario Lezioni) Per sopraggiunti ed imprevisti motivi, legati all&#8217;attivit\u00e0 istituzionale, si \u00e8 reso necessario aggiornare il calendario delle lezioni, che trovate qui sotto. Vi sono 2 variazioni principali; la prima \u00e8 che alcune lezioni (5 per la precisione), indicate con Vb, saranno tenute il Venerd\u00ec pomeriggio, h 14-16, mentre quelle del Venerd\u00ec mattina sono indicate con Va con orario h10-12. Inoltre, il calendario contiene 33 lezioni, invece della durata prevista di 30, perch\u00e8 vi saranno comunque esercitazioni aggiuntive.<\/p>\n<p><a href=\"https:\/\/docenti-deps.unisi.it\/nicoladimitri\/wp-content\/uploads\/sites\/13\/2026\/02\/MicroeconomiaperManagerCalendarioDimitri2026Aggiornato.docx\">MicroeconomiaperManagerCalendarioDimitri2026Aggiornato<\/a><\/p>\n<p>(9 Aprile 2026) Si informano gli studenti che la lezione pomeridiana di domani, 10 Aprile 2026, inizier\u00e0 alle h 14.30 e NON alle h 14.30h.<\/p>\n<div>In vista del primo test intermedio qui sotto gli studenti possono trovare una simulazione della prova cos\u00ec come un insieme di esercizi preparatori che saranno discussi in classe.<\/div>\n<div><\/div>\n<div><a href=\"https:\/\/docenti-deps.unisi.it\/nicoladimitri\/wp-content\/uploads\/sites\/13\/2026\/04\/MicroMagoEsercizi1parte2026.docx\">MicroMagoEsercizi1parte2026<\/a><\/div>\n<div><a href=\"https:\/\/docenti-deps.unisi.it\/nicoladimitri\/wp-content\/uploads\/sites\/13\/2026\/04\/MicroMagoSimulazione1parte2026.docx\">MicroMagoSimulazione1parte2026<\/a><\/div>\n<div><\/div>\n<div>(11 Aprile 2026) Come concordato ieri in classe, si comunica che il test intermedio si terr\u00e0 Venerd\u00ec 15 Maggio h 10, Aula Chiostro, in orario di lezione. Il programma arriva fino alle Strategie Miste incluse.<br \/>\nChi \u00e8 interessato a sostenerlo pu\u00f2 gi\u00e0 prenotarsi sul sistema.<\/div>\n<div><\/div>\n<div>\n<div id=\"m_7034308299816684436ms-outlook-mobile-body-separator-line\" dir=\"ltr\">\n<div class=\"\">\n<div id=\":3tk\">(11 Aprile 2026)<\/div>\n<div id=\":3ul\" class=\"ii gt\">\n<div id=\":3um\" class=\"a3s aiL\">\n<div id=\"avWBGd-1773\">Si informano gli studenti che la lezione di Mercoled\u00ec 15 Aprile inizier\u00e0 alle h 12.30 e NON alle 12, mentre quella del pomeriggio di Venerd\u00ec 17 Aprile inizier\u00e0 alle h14.30 e NON alle h 14.<\/div>\n<\/div>\n<\/div>\n<div>\n<div><\/div>\n<div>(13 Aprile 2026) Come anticipato in classe, si informano gli studenti che la seconda prova parziale di Microeconomia per Manager si terr\u00e0 il 9 Giugno 2026 h 16-18. E&#8217; gi\u00e0 possibile prenotarsi ma, rammento, potranno sostenere la prova solo gli studenti che hanno superato la prima prova parziale.<\/div>\n<div>\n<div id=\"m_7034308299816684436ms-outlook-mobile-body-separator-line\" dir=\"ltr\">\n<div><\/div>\n<div>(16 Aprile 2026) Come annunciato stamani a lezione, in vista di possibili ulteriori cambiamenti futuri, con questo messaggio comunico agli studenti il seguente nuovo orario di inizio delle lezioni, a partire da domani Venerd\u00ec 17 Aprile (compreso):<br \/>\nMercoled\u00ec h 12.30<br \/>\nGioved\u00ec h 12.30<br \/>\nVenerd\u00ec h 10.30 e h14.30<\/div>\n<div><\/div>\n<\/div>\n<div>(24 Aprile 2026) Come anticipato oggi a lezione, in vista del test intermedio di Venerd\u00ec 15 Maggio h 10, vi saranno le seguenti due sessioni online per chiarimenti richiesti dagli studenti su esercizi, concetti ecc:<br \/>\n1) Luned\u00ec 4 Maggio h 16<br \/>\n2) Luned\u00ec 11 Maggio h 16.<br \/>\nIl link Google Meet \u00e8 quello del ricevimento studenti sulla mia pagina web.<\/div>\n<\/div>\n<\/div>\n<div><\/div>\n<div>\n<p>(28 Aprile 2026) Si comunica che la sessione online del 4 Maggio 2026 inizier\u00e0 alle ore 15 e NON alle h 16.<\/p>\n<p>(6 Maggio 2026) Con la seguente si comunica agli studenti che, per una sovrapposizione con attivit\u00e0 della Profssa Claudia Faleri (in CC), la seconda session online in vista del test intermedio (15 Maggio) si terr\u00e0 Marted\u00ec 12 h 16-18 e NON Luned\u00ec 11 h 16-18.<\/p>\n<\/div>\n<\/div>\n<\/div>\n<\/div>\n","protected":false},"excerpt":{"rendered":"<p>(16 Dicembre 2025) Qui sotto gli studenti possono trovare il Calendario delle lezioni e le altre informazioni sul corso MicroeconomiaperManagerCalendarioDimitri2026 (2 Febbraio 2926)\u00a0 (Aggiornamento Calendario Lezioni) Per sopraggiunti ed imprevisti motivi, legati all&#8217;attivit\u00e0 istituzionale, si \u00e8 reso necessario aggiornare il calendario delle lezioni, che trovate qui sotto. Vi sono 2 variazioni principali; la prima \u00e8 &hellip; <a href=\"https:\/\/docenti-deps.unisi.it\/nicoladimitri\/microeconomia-per-manager-2025-2026\/\" class=\"more-link\">Leggi tutto<span class=\"screen-reader-text\"> &#8220;Microeconomia per Manager 2025-2026&#8221;<\/span><\/a><\/p>\n","protected":false},"author":9,"featured_media":0,"parent":0,"menu_order":0,"comment_status":"closed","ping_status":"closed","template":"","meta":{"footnotes":""},"class_list":["post-2523","page","type-page","status-publish","hentry"],"_links":{"self":[{"href":"https:\/\/docenti-deps.unisi.it\/nicoladimitri\/wp-json\/wp\/v2\/pages\/2523","targetHints":{"allow":["GET"]}}],"collection":[{"href":"https:\/\/docenti-deps.unisi.it\/nicoladimitri\/wp-json\/wp\/v2\/pages"}],"about":[{"href":"https:\/\/docenti-deps.unisi.it\/nicoladimitri\/wp-json\/wp\/v2\/types\/page"}],"author":[{"embeddable":true,"href":"https:\/\/docenti-deps.unisi.it\/nicoladimitri\/wp-json\/wp\/v2\/users\/9"}],"replies":[{"embeddable":true,"href":"https:\/\/docenti-deps.unisi.it\/nicoladimitri\/wp-json\/wp\/v2\/comments?post=2523"}],"version-history":[{"count":14,"href":"https:\/\/docenti-deps.unisi.it\/nicoladimitri\/wp-json\/wp\/v2\/pages\/2523\/revisions"}],"predecessor-version":[{"id":2594,"href":"https:\/\/docenti-deps.unisi.it\/nicoladimitri\/wp-json\/wp\/v2\/pages\/2523\/revisions\/2594"}],"wp:attachment":[{"href":"https:\/\/docenti-deps.unisi.it\/nicoladimitri\/wp-json\/wp\/v2\/media?parent=2523"}],"curies":[{"name":"wp","href":"https:\/\/api.w.org\/{rel}","templated":true}]}}