{"id":794,"date":"2016-02-17T15:12:26","date_gmt":"2016-02-17T14:12:26","guid":{"rendered":"http:\/\/docenti-deps.unisi.it\/nicoladimitri\/?page_id=794"},"modified":"2018-11-22T10:59:16","modified_gmt":"2018-11-22T09:59:16","slug":"microeconomia-per-manager","status":"publish","type":"page","link":"https:\/\/docenti-deps.unisi.it\/nicoladimitri\/microeconomia-per-manager\/","title":{"rendered":"Microeconomia per manager 2016-2017"},"content":{"rendered":"<p><a href=\"https:\/\/docenti-deps.unisi.it\/nicoladimitri\/wp-content\/uploads\/sites\/13\/2016\/03\/MicroeconomiaperManagerIndicazioniprimotestintermedioDimitri2016.docx\">MicroeconomiaperManagerIndicazioniprimotestintermedioDimitri2016<\/a><\/p>\n<p>alla quale si invitano anche gli studenti interessati a partecipare. La lezione sar\u00e0 recuperata Sabato 14 Maggio h 11-13 Caparrelli A.<\/p>\n<p>(13 Maggio 2016) Indicazioni per gli appelli di esame<\/p>\n<p><a href=\"https:\/\/docenti-deps.unisi.it\/nicoladimitri\/wp-content\/uploads\/sites\/13\/2016\/05\/MicroMagoIndicazioniEsameFinaleDimitri2016.docx\">MicroMagoIndicazioniEsameFinaleDimitri2016<\/a><\/p>\n<p>(14 Maggio) In vista degli appelli finali come anticipato qui sotto trovate file insieme di esercizi. Per avere tempo sufficiente a discutere tutti gli esercizi l&#8217;esercitazione inizier\u00e0 Venerd\u00ec 27 Maggio e proseguir\u00e0 Sabato 28 Maggio. Sarete in grado di risolvere l&#8217;esercizio numero 5 solo dopo la lezione di Gioved\u00ec 26. Si conferma che gli esercizi saranno discussi dagli studenti alla lavagna, a rotazione, su base volontaria. In assenza di volontari, non si terr\u00e0 l&#8217;esercitazione e nemmeno la lezione.<\/p>\n<p><a href=\"https:\/\/docenti-deps.unisi.it\/nicoladimitri\/wp-content\/uploads\/sites\/13\/2016\/05\/MicroMagoEsercizi2Dimitri2016.pdf\">MicroMagoEsercizi2Dimitri2016<\/a><\/p>\n<p>(16 Maggio 2016)\u00a0Poich\u00e8 le votazioni della prima prova intermedia sono stato pubblicate sul sito web, per il sistema risulterete tutti assenti. Non preoccupatevi quindi.<\/p>\n<p>(29 Maggio 2016) Si informa che nel periodo 1 Giugno-15 Luglio il calendario del ricevimento studenti sar\u00e0 il seguente<\/p>\n<div>Merc 1 Giugno h 18-20<\/div>\n<div>Mart \u00a07 Giugno h 12-14<\/div>\n<div>Ven 17 Giugno h 12-14<\/div>\n<div>Giov 30 Giugno h 18-20<\/div>\n<div>Mart 12 Luglio h 12-14<\/div>\n<div><\/div>\n<div>(30 Maggio 2016) Si informa che orale e registrazione per l&#8217;appello del 1 Luglio si terr\u00e0 Marted\u00ec 12 Luglio h 10 Aula 3.<\/div>\n<div><\/div>\n<div><\/div>\n<div>( 6 Giugno 2016)<\/div>\n<div><\/div>\n<div>Votazioni finali del test 3 Giugno 2016, per chi ha sostenuto solo la seconda parte<\/div>\n<div><\/div>\n<div><a href=\"https:\/\/docenti-deps.unisi.it\/nicoladimitri\/wp-content\/uploads\/sites\/13\/2016\/06\/MicroMagoVotazioniI2Intermedio03062016.pdf\">MicroMagoVotazioniI2Intermedio03062016<\/a><\/div>\n<div><\/div>\n<div>Votazione del test 3 Giugno 2016 per chi ha sostenuto l&#8217;intero esame<\/div>\n<div><\/div>\n<div><a href=\"https:\/\/docenti-deps.unisi.it\/nicoladimitri\/wp-content\/uploads\/sites\/13\/2016\/06\/MicroMagoVotazioniTestCompletoA03062016.pdf\">MicroMagoVotazioniTestCompletoA03062016<\/a><\/div>\n<div><\/div>\n<div>Si conferma che registrazione ed eventuale orale si terranno Venerd\u00ec 17 Giugno h 15. Si ribadisce inoltre che l&#8217;orale non \u00e8 obbligatorio ma a discrezione dello studente. Coloro che non possono essere presenti Venerd\u00ec 17 Giungo per la registrazione dovranno inviare un delegato che rechi con se, su foglio di carta comune, la delega. Il delegato dovr\u00e0 essere munito di documento.<\/div>\n<div><\/div>\n<div>(6 Giugno 2016 h 16.17) Si informa che domani, 7 Giugno, non sar\u00e0 possibile visionare il compito perch\u00e8 altrimenti l&#8217;intero ricevimento viene assorbito dalla visualizzazione. La visualizzazione del compito sar\u00e0 quindi direttamente il 17 Giugno.<\/div>\n<div><\/div>\n<div>A differenza di quanto accennato in classe si specifica inoltre che l&#8217;orale sar\u00e0 discrezionale per tutte le votazioni, incluse 18-19 e 29\/30.<\/div>\n<div><\/div>\n<div>(10 Giugno 2016) Si conferma che la prova orale e la registrazione di Venerd\u00ec 17 Giugno avr\u00e0 luogo alle h 15 in Aula 9<\/div>\n<div><\/div>\n<div>(13 Giugno 2016) In vista dell&#8217;orale del 17 Giugno e del prossimo appello scritto del 1 Luglio qui sotto trovate il testo della prova scritta del 3 Giugno<\/div>\n<div><\/div>\n<div><a href=\"https:\/\/docenti-deps.unisi.it\/nicoladimitri\/wp-content\/uploads\/sites\/13\/2016\/06\/MicroMago1parte03062016.docx\">MicroMago1parte03062016<\/a><\/div>\n<div><a href=\"https:\/\/docenti-deps.unisi.it\/nicoladimitri\/wp-content\/uploads\/sites\/13\/2016\/06\/MicroMago2parteB03062016.docx\">MicroMago2parteB03062016<\/a><\/div>\n<div><a href=\"https:\/\/docenti-deps.unisi.it\/nicoladimitri\/wp-content\/uploads\/sites\/13\/2016\/06\/MicroMago2parteA03062016.docx\">MicroMago2parteA03062016<\/a><\/div>\n<div><\/div>\n<div>(10 Luglio 2016)<\/div>\n<p>&nbsp;<\/p>\n<p>Votazioni finali del test 1 Luglio 2016, inclusi coloro che hanno sostenuto solo la seconda parte<\/p>\n<p><a href=\"https:\/\/docenti-deps.unisi.it\/nicoladimitri\/wp-content\/uploads\/sites\/13\/2016\/07\/MicroMagoVotazioniTest01072016.pdf\">MicroMagoVotazioniTest01072016<\/a><\/p>\n<div><\/div>\n<p><a href=\"https:\/\/docenti-deps.unisi.it\/nicoladimitri\/wp-content\/uploads\/sites\/13\/2017\/02\/MicroeconomiaperManagerContenutoeCalendarioDimitriMarzo-Giugno2017.docx\">MicroeconomiaperManagerContenutoeCalendarioDimitriMarzo-Giugno2017<\/a><\/p>\n<div><\/div>\n<div><\/div>\n<div>(6 Aprile 2017) Il test intermedio si terr\u00e0 Venerd\u00ec 19 Maggio. La classe sar\u00e0 divisa in due gruppi; il primo sosterr\u00e0 il test dalle 10 alle 12 mentre il secondo dalle 12 alle 14. In quanto segue trovate il link al calendario residuo delle lezioni, per i mesi Aprile-Giugno 2017.<\/div>\n<div><\/div>\n<div><a href=\"https:\/\/docenti-deps.unisi.it\/nicoladimitri\/wp-content\/uploads\/sites\/13\/2017\/04\/MicroeconomiaperManagerCalendarioDimitriAprile-Giugno2017.docx\">MicroeconomiaperManagerCalendarioDimitriAprile-Giugno2017<\/a><\/div>\n<div><\/div>\n<div>Nei prossimi giorni saranno pubblicati gli esercizi di preparazione alla prima prova intermedia<\/div>\n<div><\/div>\n<div>\n<p>(9 Aprile 2017) In vista della prova intermedia del 19 Maggio 2017, come anticipato qui sotto trovate (i) file con simulazione prova (ii) file con ulteriore insieme di esercizi.<\/p>\n<p><a href=\"https:\/\/docenti-deps.unisi.it\/nicoladimitri\/wp-content\/uploads\/sites\/13\/2017\/04\/MicroMagoEsercizi1parte2017.docx\">MicroMagoEsercizi1parte2017<\/a><\/p>\n<p><a href=\"https:\/\/docenti-deps.unisi.it\/nicoladimitri\/wp-content\/uploads\/sites\/13\/2017\/04\/SimulazioneMicroMago1Intermedio19052017.docx\">SimulazioneMicroMago1Intermedio19052017<\/a><\/p>\n<p>Esercizi e simulazione saranno discussi Gioved\u00ec 27 Aprile e Venerd\u00ec 28 Aprile in classe. Si conferma che gli esercizi saranno presentati dagli studenti alla lavagna, a rotazione, su base volontaria. In assenza di volontari, non si terr\u00e0 l&#8217;esercitazione e nemmeno la lezione.<\/p>\n<p>Inoltre, si comunica fin da ora che gli studenti con matricola da 000000 a 070218 (incluso) sosterranno il test dalle h 10 alle h 12 mentre gli altri dalle 12 alle 14. \u00a0Si rammenta che gli studenti dovranno essere muniti di documento di riconoscimento (carta universitaria, patente, carta identit\u00e0, passaporto)<\/p>\n<p>Sempre in vista della prova intermedia in quanto segue trovate una nota sulle strategie miste insieme a due esercizi<\/p>\n<p><a href=\"https:\/\/docenti-deps.unisi.it\/nicoladimitri\/wp-content\/uploads\/sites\/13\/2017\/04\/NotaedEsercizisuStrategieMiste2017.pdf\">NotaedEsercizisuStrategieMiste2017<\/a><\/p>\n<p>Per una svista, la matrice dei payoff del gioco della morra cinese nel file di cui sopra ha due payoff errati sulla diagonale principale. I payoff corretti sono (0,0) lungo tutta la diagonale principale.<\/p>\n<\/div>\n<p>(10 Maggio 2017) Si conferma che le lezioni di Gioved\u00ec 11 e Venerd\u00ec 12 Maggio sono cancellate. Le lezioni di recupero si terranno nei giorni Sabato 20 Maggio h 11-13 e Sabato 27 Maggio h 11-13, entrambe in Aula 3. Si informa inoltre che il ricevimento di Venerd\u00ec 12 \u00e8 cancellato<\/p>\n<p>&nbsp;<\/p>\n<p>(13 Maggio 2017) In vista del test intermedio di Venerd\u00ec 19 Maggio si comunica quanto segue. La classe sar\u00e0 divisa in due gruppi. Il primo gruppo \u00e8 costituito dagli studenti con numero di matricola inferiore o uguale a 069777, il resto delle matricole far\u00e0 parte del secondo gruppo. Non vale quindi l&#8217;ordine alfabetico del cognome e neppure l&#8217;ordine di prenotazione.<\/p>\n<p>Il primo gruppo sosterr\u00e0 il test dalle 10 alle 12 mentre il secondo gruppo dalle 12 alle 14. Per favorire il flusso in uscita ed entrata degli studenti tra i due turni, gli studenti del secondo gruppo attenderanno nel chiostro adiacente al bar fino a quando non saranno chiamati.<\/p>\n<p>(22 Maggio 2017) In vista della seconda prova intermedia e degli appelli finali, i due link che seguono forniscono alcune indicazioni generali ed una simulazione della seconda prova. Gli esercizi della simulazione saranno discussi in classe nei giorni di Sabato 27 Maggio e Gioved\u00ec 1 Giugno. Come per la prima parte gli studenti si alterneranno alla lavagna nella discussione degli esercizi<\/p>\n<p><a href=\"https:\/\/docenti-deps.unisi.it\/nicoladimitri\/wp-content\/uploads\/sites\/13\/2017\/05\/MicroMagoIndicazioniEsameFinaleDimitri2017.pdf\">MicroMagoIndicazioniEsameFinaleDimitri2017<\/a><\/p>\n<p><a href=\"https:\/\/docenti-deps.unisi.it\/nicoladimitri\/wp-content\/uploads\/sites\/13\/2017\/05\/MicroMago2017Simulazione2parte.docx\">MicroMago2017Simulazione2parte<\/a><\/p>\n<p>(3 Giugno 2017) Votazioni test intermedio 19 Maggio 2017<\/p>\n<p><a href=\"https:\/\/docenti-deps.unisi.it\/nicoladimitri\/wp-content\/uploads\/sites\/13\/2017\/06\/MicroMagoVotazioniIntermedio19052017.pdf\">MicroMagoVotazioniIntermedio19052017<\/a><\/p>\n<p>Si invitano gli studenti a controllare regolarmente la pagina web prima del 16 Giugno per informazioni sul secondo test intermedio, orario ricevimento Giugno-Luglio, ed altro<\/p>\n<p>(4 Giugno 2017) Si informano gli studenti che l&#8217;orario di ricevimento nel periodo Giugno-Luglio 2017 sar\u00e0 il seguente<\/p>\n<div>16 Giugno 16.30-18.30<\/div>\n<div>23 Giugno 17.30-18.30<\/div>\n<div>3 Luglio 11-13<\/div>\n<div>10 Luglio 16-18<\/div>\n<div>25 Luglio 17.30-18.30<\/div>\n<div><\/div>\n<div>Si informano inoltre gli studenti che orali e registrazione delle prove scritte nel periodo Giugno-Luglio 2017 si terranno nei giorni:<\/div>\n<div>23 Giugno h 15; 12 Luglio h 15; 25 Luglio h 15<\/div>\n<div><\/div>\n<div>(4 Giugno 2017) In vista della seconda prova intermedia del 16 Giugno in quanto segue trovate una seconda simulazione<\/div>\n<div><\/div>\n<div><a href=\"https:\/\/docenti-deps.unisi.it\/nicoladimitri\/wp-content\/uploads\/sites\/13\/2017\/06\/MicroMagosimulazione2parte-1.pdf\">MicroMagosimulazione2parte (1)<\/a><\/div>\n<div><\/div>\n<div>\n<div>(14 Giugno 2017) Si informano gli studenti che per motivi familiari non potr\u00f2 essere presente alla supervisione della seconda prova intermedia di Venerd\u00ec 16 Giugno. La supervisione sar\u00e0 effettuata dalla Dottssa Valeria Faralla e dal Dott Niccol\u00f2 Fiorini<\/div>\n<\/div>\n<div><\/div>\n<div>(20 Giugno 2017) In quanto segue si comunicano i risultati finali dopo il secondo test intermedio del 16 Giugno 2017. Si conferma che l&#8217;orale \u00e8 facoltativo e che insieme alla registrazione si terr\u00e0 Venerd\u00ec 23 Giugno h 15, in aula che sar\u00e0 specificata presso il Plesso di San Francesco. Chi non potr\u00e0 essere presente alla registrazione dovr\u00e0 inviare un delegato con documento (del delegato) e delega scritta.<\/div>\n<div><\/div>\n<div><a href=\"https:\/\/docenti-deps.unisi.it\/nicoladimitri\/wp-content\/uploads\/sites\/13\/2017\/06\/MicroMagoVotazionifinalidopoIntermedio16062017.pdf\">MicroMagoVotazionifinalidopoIntermedio16062017<\/a><\/div>\n<div><\/div>\n<div>\n<div>(25 Giugno 2017) Si informano gli studenti che a partire da oggi risponder\u00f2 a messaggi email solo se inviati dall&#8217;indirizzo istituzionale Unisi, e solo se lo studente si identifica anche con la propria matricola.<\/div>\n<\/div>\n<div><\/div>\n<div>(28 Giugno 2017) Nel link qui sotto si comunicano le votazioni finali, dopo il test del 26 Giugno 2017, sia per coloro che hanno sostenuto le due parti separatamente che per gli studenti che hanno sostenuto l&#8217;intero esame. Si conferma che orale+registrazione si terranno Gioved\u00ec 6 Luglio, h 11, presso un aula che sar\u00e0 specificata dal Plesso di San Francesco. Chi non potr\u00e0 essere presente dovr\u00e0 inviare un delegato con documento di riconoscimento (del delegato) e delega firmata.<\/div>\n<div><\/div>\n<div><a href=\"https:\/\/docenti-deps.unisi.it\/nicoladimitri\/wp-content\/uploads\/sites\/13\/2017\/06\/MicroMagoFinaledopotest26062017.xlsx\">MicroMagoFinaledopotest26062017<\/a><\/div>\n<div><\/div>\n<div>(7 Luglio 2017)<\/div>\n<div><\/div>\n<div>Nella giornata di oggi sono stati registrati i voti finali conseguti dopo la seconda prova intermedia ed il primo appello del 26 Giugno 2017. Si sollecitano gli studenti che non dovessero visualizzare la votazione nella loro carriera a verificare se i) hanno compilato questionario didattica ii) hanno pagato le tasse iii) sono formalmente iscritti al corso<\/div>\n<div>Se, dopo aver verificato (i)-(iii) vi fossero problemi fatemi sapere per email a dimitri@unisi.it<\/div>\n<div><\/div>\n<div>(21 Luglio 2017)\u00a0Nel seguente link \u00a0si comunicano le votazioni finali, dopo il test del 17 Luglio 2017, sia per coloro che hanno sostenuto le due parti separatamente che per gli studenti che hanno sostenuto l&#8217;intero esame. Si conferma che orale+registrazione si terranno Luned\u00ec 24 Luglio, h 11, presso AUla Caparrelli \u00a0Chi non potr\u00e0 essere presente dovr\u00e0 inviare un delegato con documento di riconoscimento (del delegato) e delega firmata.<\/div>\n<div><\/div>\n<div><a href=\"https:\/\/docenti-deps.unisi.it\/nicoladimitri\/wp-content\/uploads\/sites\/13\/2017\/07\/MicroMagoVotazionifinalidopotest17072017.pdf\">MicroMagoVotazionifinalidopotest17072017<\/a><\/div>\n<div><\/div>\n<div>\n<div>(24 Settembre 2017) Di seguito le votazioni del test scritto del 22 Settembre<\/div>\n<\/div>\n<div>Matricola\u00a0 Votazione<\/div>\n<div>058583\u00a0 \u00a0 \u00a0 \u00a0 \u00a0 18<\/div>\n<div>071211\u00a0 \u00a0 \u00a0 \u00a0 \u00a0 \u00a0 30<\/div>\n<div>072071\u00a0 \u00a0 \u00a0 \u00a0 \u00a0 \u00a027<\/div>\n<div><\/div>\n<div>Chi accetta la valutazione dello scritto pu\u00f2 scrivermi immediatamente per email a dimitri@unisi.it dicendo di accettare. Altrimenti orale e registrazione saranno domani Luned\u00ec 25, h 9.30 (invece di 9 come annunciato in precedenza) in Aula 8.<\/div>\n<div><\/div>\n<div><\/div>\n<div><\/div>\n<div><\/div>\n<div><\/div>\n<div><\/div>\n<div><\/div>\n<p>&nbsp;<\/p>\n<div><\/div>\n<p>&nbsp;<\/p>\n<p>&nbsp;<\/p>\n<p>&nbsp;<\/p>\n<p>&nbsp;<\/p>\n<p>&nbsp;<\/p>\n<p>&nbsp;<\/p>\n<p>&nbsp;<\/p>\n<p>&nbsp;<\/p>\n","protected":false},"excerpt":{"rendered":"<p>MicroeconomiaperManagerIndicazioniprimotestintermedioDimitri2016 alla quale si invitano anche gli studenti interessati a partecipare. La lezione sar\u00e0 recuperata Sabato 14 Maggio h 11-13 Caparrelli A. (13 Maggio 2016) Indicazioni per gli appelli di esame MicroMagoIndicazioniEsameFinaleDimitri2016 (14 Maggio) In vista degli appelli finali come anticipato qui sotto trovate file insieme di esercizi. Per avere tempo sufficiente a discutere tutti &hellip; <a href=\"https:\/\/docenti-deps.unisi.it\/nicoladimitri\/microeconomia-per-manager\/\" class=\"more-link\">Leggi tutto<span class=\"screen-reader-text\"> &#8220;Microeconomia per manager 2016-2017&#8221;<\/span><\/a><\/p>\n","protected":false},"author":9,"featured_media":0,"parent":0,"menu_order":0,"comment_status":"closed","ping_status":"closed","template":"","meta":{"footnotes":""},"class_list":["post-794","page","type-page","status-publish","hentry"],"_links":{"self":[{"href":"https:\/\/docenti-deps.unisi.it\/nicoladimitri\/wp-json\/wp\/v2\/pages\/794","targetHints":{"allow":["GET"]}}],"collection":[{"href":"https:\/\/docenti-deps.unisi.it\/nicoladimitri\/wp-json\/wp\/v2\/pages"}],"about":[{"href":"https:\/\/docenti-deps.unisi.it\/nicoladimitri\/wp-json\/wp\/v2\/types\/page"}],"author":[{"embeddable":true,"href":"https:\/\/docenti-deps.unisi.it\/nicoladimitri\/wp-json\/wp\/v2\/users\/9"}],"replies":[{"embeddable":true,"href":"https:\/\/docenti-deps.unisi.it\/nicoladimitri\/wp-json\/wp\/v2\/comments?post=794"}],"version-history":[{"count":65,"href":"https:\/\/docenti-deps.unisi.it\/nicoladimitri\/wp-json\/wp\/v2\/pages\/794\/revisions"}],"predecessor-version":[{"id":1322,"href":"https:\/\/docenti-deps.unisi.it\/nicoladimitri\/wp-json\/wp\/v2\/pages\/794\/revisions\/1322"}],"wp:attachment":[{"href":"https:\/\/docenti-deps.unisi.it\/nicoladimitri\/wp-json\/wp\/v2\/media?parent=794"}],"curies":[{"name":"wp","href":"https:\/\/api.w.org\/{rel}","templated":true}]}}