{"id":953,"date":"2020-09-14T10:36:29","date_gmt":"2020-09-14T08:36:29","guid":{"rendered":"https:\/\/docenti-deps.unisi.it\/riccardopariboni\/?page_id=953"},"modified":"2020-09-14T10:36:29","modified_gmt":"2020-09-14T08:36:29","slug":"macroeconomia-75-99","status":"publish","type":"page","link":"https:\/\/docenti-deps.unisi.it\/riccardopariboni\/macroeconomia-75-99\/","title":{"rendered":"Macroeconomia (75-99)"},"content":{"rendered":"<p>Orario delle lezioni:<\/p>\n<p>mercoled\u00ec 18-19.30, Aula Chiostro<\/p>\n<p>gioved\u00ec 14.30-16.00, Aula Caparrelli A<\/p>\n<p>venerd\u00ec 14.30-16.00, Aula Chiostro<\/p>\n<p><strong><a href=\"https:\/\/docenti-deps.unisi.it\/riccardopariboni\/wp-content\/uploads\/sites\/58\/2014\/08\/programma.pdf\">programma<\/a><\/strong><\/p>\n<p>Libro di testo: Blanchard, Amighini, Giavazzi \u201cMacroeconomia. Una prospettiva europea\u201d<\/p>\n<p><del>prova intermedia: gioved\u00ec 16 aprile, ore 12, Aula Caparrelli A<br \/>\n<\/del>a seguito delle disposizioni prese in funzione dell&#8217;emergenza Coronavirus, la prova intermedia \u00e8 stata cancellata<\/p>\n<p><a href=\"https:\/\/docenti-deps.unisi.it\/riccardopariboni\/wp-content\/uploads\/sites\/58\/2014\/08\/Macro_1.pdf\">Macro_1<\/a><a href=\"https:\/\/docenti-deps.unisi.it\/riccardopariboni\/wp-content\/uploads\/sites\/58\/2014\/08\/Macro_2.pdf\">Macro_2<\/a><a href=\"https:\/\/docenti-deps.unisi.it\/riccardopariboni\/wp-content\/uploads\/sites\/58\/2014\/08\/Macro_3.pdf\">Macro_3<\/a><strong><a href=\"https:\/\/docenti-deps.unisi.it\/riccardopariboni\/wp-content\/uploads\/sites\/58\/2014\/08\/Macro_4.pdf\">Macro_4<\/a><a href=\"https:\/\/docenti-deps.unisi.it\/riccardopariboni\/wp-content\/uploads\/sites\/58\/2014\/08\/Macro_5.pdf\">Macro_5<\/a><a href=\"https:\/\/docenti-deps.unisi.it\/riccardopariboni\/wp-content\/uploads\/sites\/58\/2020\/04\/Macro_6.pdf\">Macro_6<\/a><a href=\"https:\/\/docenti-deps.unisi.it\/riccardopariboni\/wp-content\/uploads\/sites\/58\/2020\/04\/Macro_7.pdf\">Macro_7<\/a><a href=\"https:\/\/docenti-deps.unisi.it\/riccardopariboni\/wp-content\/uploads\/sites\/58\/2020\/04\/Macro_8.pdf\">Macro_8<\/a><a href=\"https:\/\/docenti-deps.unisi.it\/riccardopariboni\/wp-content\/uploads\/sites\/58\/2020\/04\/Macro_9.pdf\">Macro_9<\/a><a href=\"https:\/\/docenti-deps.unisi.it\/riccardopariboni\/wp-content\/uploads\/sites\/58\/2020\/04\/Macro_10.pdf\">Macro_10<\/a><a href=\"https:\/\/docenti-deps.unisi.it\/riccardopariboni\/wp-content\/uploads\/sites\/58\/2020\/04\/Macro_11.pdf\">Macro_11<\/a><a href=\"https:\/\/docenti-deps.unisi.it\/riccardopariboni\/wp-content\/uploads\/sites\/58\/2020\/04\/Macro_12.pdf\">Macro_12<\/a><a href=\"https:\/\/docenti-deps.unisi.it\/riccardopariboni\/wp-content\/uploads\/sites\/58\/2020\/04\/Macro_13.pdf\">Macro_13<\/a><a href=\"https:\/\/docenti-deps.unisi.it\/riccardopariboni\/wp-content\/uploads\/sites\/58\/2020\/04\/Macro_14.pdf\">Macro_14<\/a><a href=\"https:\/\/docenti-deps.unisi.it\/riccardopariboni\/wp-content\/uploads\/sites\/58\/2020\/04\/Macro_15.pdf\">Macro_15<\/a><\/strong><\/p>\n","protected":false},"excerpt":{"rendered":"<p>Orario delle lezioni: mercoled\u00ec 18-19.30, Aula Chiostro gioved\u00ec 14.30-16.00, Aula Caparrelli A venerd\u00ec 14.30-16.00, Aula Chiostro programma Libro di testo: Blanchard, Amighini, Giavazzi \u201cMacroeconomia. Una prospettiva europea\u201d prova intermedia: gioved\u00ec 16 aprile, ore 12, Aula Caparrelli A a seguito delle disposizioni prese in funzione dell&#8217;emergenza Coronavirus, la prova intermedia \u00e8 stata cancellata Macro_1Macro_2Macro_3Macro_4Macro_5Macro_6Macro_7Macro_8Macro_9Macro_10Macro_11Macro_12Macro_13Macro_14Macro_15<\/p>\n","protected":false},"author":8,"featured_media":0,"parent":0,"menu_order":0,"comment_status":"closed","ping_status":"closed","template":"","meta":{"footnotes":""},"class_list":["post-953","page","type-page","status-publish","hentry"],"_links":{"self":[{"href":"https:\/\/docenti-deps.unisi.it\/riccardopariboni\/wp-json\/wp\/v2\/pages\/953","targetHints":{"allow":["GET"]}}],"collection":[{"href":"https:\/\/docenti-deps.unisi.it\/riccardopariboni\/wp-json\/wp\/v2\/pages"}],"about":[{"href":"https:\/\/docenti-deps.unisi.it\/riccardopariboni\/wp-json\/wp\/v2\/types\/page"}],"author":[{"embeddable":true,"href":"https:\/\/docenti-deps.unisi.it\/riccardopariboni\/wp-json\/wp\/v2\/users\/8"}],"replies":[{"embeddable":true,"href":"https:\/\/docenti-deps.unisi.it\/riccardopariboni\/wp-json\/wp\/v2\/comments?post=953"}],"version-history":[{"count":1,"href":"https:\/\/docenti-deps.unisi.it\/riccardopariboni\/wp-json\/wp\/v2\/pages\/953\/revisions"}],"predecessor-version":[{"id":954,"href":"https:\/\/docenti-deps.unisi.it\/riccardopariboni\/wp-json\/wp\/v2\/pages\/953\/revisions\/954"}],"wp:attachment":[{"href":"https:\/\/docenti-deps.unisi.it\/riccardopariboni\/wp-json\/wp\/v2\/media?parent=953"}],"curies":[{"name":"wp","href":"https:\/\/api.w.org\/{rel}","templated":true}]}}