{"id":13,"date":"2014-08-26T23:41:39","date_gmt":"2014-08-26T21:41:39","guid":{"rendered":"http:\/\/michelangelovasta.wordpress.com\/?page_id=13"},"modified":"2017-09-25T07:49:40","modified_gmt":"2017-09-25T05:49:40","slug":"curriculum","status":"publish","type":"page","link":"https:\/\/docenti-deps.unisi.it\/stefanianaddeo\/curriculum\/","title":{"rendered":"Curriculum"},"content":{"rendered":"<p>Ricercatore confermato &#8211; Settore scientifico disciplinare: SECS-S\/01 Statistica<\/p>\n<p>Laureata nel 1986 in Economia e Commercio presso l\u2019Universit\u00e0 di Roma \u201cLa Sapienza\u201d con la votazione di 110 su 110 e lode.<br \/>\nImpiegata presso la SO.GE.I. \u201cSociet\u00e0 Generale di Informatica\u201d dal 1987 al 1990.<br \/>\nRicercatore in Statistica presso la Facolt\u00e0 di Economia e Commercio dell\u2019Universit\u00e0 degli Studi di Cassino nel 1990.<br \/>\nIl 1\u00b0 ottobre 1996 si \u00e8 trasferita presso la Facolt\u00e0 di Economia dell\u2019Universit\u00e0 di Siena.<br \/>\nDal 2013 \u00e8 membro del Presidio di Qualit\u00e0 di Ateneo dell&#8217;Universit\u00e0 di Siena.<\/p>\n<p style=\"text-align: justify\"><strong>Attivit\u00e0 didattica<\/strong><br \/>\nDall&#8217;a.a. 1995-96 \u00e8 titolare di insegnamenti presso l&#8217;Universit\u00e0 di Siena. I corsi tenuti durante questi anni riguardano argomenti di Statistica descrittiva e inferenziale, Statistica per la ricerca sperimentale e tecnologica, Statistica multivariata: teoria ed applicazioni in ambiente SAS, Teoria delle decisioni e inferenza bayesiana<br \/>\nNell&#8217;a.a. 2017-18 tiene i corsi di Statistica (60 ore), Metodi per la ricerca sociale (30 ore) e Laboratorio Analisi dati tramite SAS (20 ore) <\/p>\n<p style=\"text-align: justify\"><strong>Attivit\u00e0 di ricerca<\/strong><br \/>\nI lavori pubblicati fino ad oggi riguardano principalmente le seguenti linee di ricerca:<br \/>\n&#8211; I campionamenti ambientali nell&#8217;approccio da disegno. Problemi di stima della numerosit\u00e0 di popolazioni biologiche con campionamento per transetti e per linee di attraversamento.<br \/>\n&#8211; Studio sul campionamento adattivo a due stadi per la stima delle abbondanze di popolazioni biologiche elusive. Analisi dell\u2019accuratezza degli stimatori.<br \/>\n&#8211; Il campionamento inverso. Stima della numerosit\u00e0 di popolazioni rare. Probabilit\u00e0 di selezione uguali e diverse.<br \/>\n&#8211; Stima dei flussi turistici: rassegna sui metodi di stima, strumenti di rilevazione e piani di campionamento. Proposte di metodi per stimare il numero degli escursionisti in una localit\u00e0.<br \/>\n&#8211; Verifica di ipotesi mediante tecniche di permutazione. Combinazione di test di permutazione dipendenti. Trattamento delle mancate risposte. Applicazioni sui questionari di valutazione della didattica da parte degli studenti universitari. Studio dell\u2019influenza delle caratteristiche socio-demografiche degli studenti sulle valutazioni sul corso e sul docente.<br \/>\n&#8211; Analisi dei fattori di rischio. Studio dei metodi per la verifica contemporanea di pi\u00f9 ipotesi diverse controllando il livello di significativit\u00e0 globale. Valutazione della potenza della procedura proposta.<br \/>\n&#8211; La distribuzione di probabilit\u00e0 a posteriori, basata su distribuzioni a priori non informative, del coefficiente di correlazione di una distribuzione normale bivariata. Procedura per calcolare gli estremi dell\u2019intervallo pi\u00f9 corto utilizzando l\u2019espressione esatta della sua funzione di ripartizione.<br \/>\n&#8211; L-R test sul valore del coefficiente di correlazione lineare di una popolazione normale bivariata con livelli di significativit\u00e0 molto prossimi a quelli nominali anche per campioni di numerosit\u00e0 estremamente ridotta.<\/p>\n","protected":false},"excerpt":{"rendered":"<p>Ricercatore confermato &#8211; Settore scientifico disciplinare: SECS-S\/01 Statistica Laureata nel 1986 in Economia e Commercio presso l\u2019Universit\u00e0 di Roma \u201cLa Sapienza\u201d con la votazione di 110 su 110 e lode. Impiegata presso la SO.GE.I. \u201cSociet\u00e0 Generale di Informatica\u201d dal 1987 al 1990. Ricercatore in Statistica presso la Facolt\u00e0 di Economia e Commercio dell\u2019Universit\u00e0 degli Studi &hellip; <a href=\"https:\/\/docenti-deps.unisi.it\/stefanianaddeo\/curriculum\/\" class=\"more-link\">Leggi tutto<span class=\"screen-reader-text\"> &#8220;Curriculum&#8221;<\/span><\/a><\/p>\n","protected":false},"author":6,"featured_media":0,"parent":0,"menu_order":0,"comment_status":"closed","ping_status":"closed","template":"","meta":{"footnotes":""},"class_list":["post-13","page","type-page","status-publish","hentry"],"_links":{"self":[{"href":"https:\/\/docenti-deps.unisi.it\/stefanianaddeo\/wp-json\/wp\/v2\/pages\/13","targetHints":{"allow":["GET"]}}],"collection":[{"href":"https:\/\/docenti-deps.unisi.it\/stefanianaddeo\/wp-json\/wp\/v2\/pages"}],"about":[{"href":"https:\/\/docenti-deps.unisi.it\/stefanianaddeo\/wp-json\/wp\/v2\/types\/page"}],"author":[{"embeddable":true,"href":"https:\/\/docenti-deps.unisi.it\/stefanianaddeo\/wp-json\/wp\/v2\/users\/6"}],"replies":[{"embeddable":true,"href":"https:\/\/docenti-deps.unisi.it\/stefanianaddeo\/wp-json\/wp\/v2\/comments?post=13"}],"version-history":[{"count":8,"href":"https:\/\/docenti-deps.unisi.it\/stefanianaddeo\/wp-json\/wp\/v2\/pages\/13\/revisions"}],"predecessor-version":[{"id":994,"href":"https:\/\/docenti-deps.unisi.it\/stefanianaddeo\/wp-json\/wp\/v2\/pages\/13\/revisions\/994"}],"wp:attachment":[{"href":"https:\/\/docenti-deps.unisi.it\/stefanianaddeo\/wp-json\/wp\/v2\/media?parent=13"}],"curies":[{"name":"wp","href":"https:\/\/api.w.org\/{rel}","templated":true}]}}