{"id":9,"date":"2014-08-26T21:03:19","date_gmt":"2014-08-26T19:03:19","guid":{"rendered":"http:\/\/michelangelovasta.wordpress.com\/?page_id=1"},"modified":"2016-02-20T11:02:02","modified_gmt":"2016-02-20T10:02:02","slug":"info","status":"publish","type":"page","link":"https:\/\/docenti-deps.unisi.it\/stefanianaddeo\/","title":{"rendered":"Home"},"content":{"rendered":"<p><strong>Ricercatore<\/strong><br \/>\n<strong>Settore scientifico disciplinare:<\/strong>\u00a0SECS-S\/01 Statistica<\/p>\n<p>Laureata nel 1986 in Economia e Commercio presso l&#8217;Universit\u00e0 di Roma &#8220;La Sapienza&#8221; con la votazione di 110 su 110 e lode.<br \/>\nImpiegata presso la SO.GE.I. &#8220;Societ\u00e0 Generale di Informatica&#8221; dal 1987 al 1990.<br \/>\nRicercatore in Statistica presso la Facolt\u00e0 di Economia e Commercio dell\u2019Universit\u00e0 degli Studi di Cassino nel 1990.<br \/>\nIl 1\u00b0 ottobre 1996 si \u00e8 trasferita presso la Facolt\u00e0 di Economia dell\u2019Universit\u00e0 di Siena.<\/p>\n<p>&nbsp;<\/p>\n","protected":false},"excerpt":{"rendered":"<p>Ricercatore Settore scientifico disciplinare:\u00a0SECS-S\/01 Statistica Laureata nel 1986 in Economia e Commercio presso l&#8217;Universit\u00e0 di Roma &#8220;La Sapienza&#8221; con la votazione di 110 su 110 e lode. Impiegata presso la SO.GE.I. &#8220;Societ\u00e0 Generale di Informatica&#8221; dal 1987 al 1990. Ricercatore in Statistica presso la Facolt\u00e0 di Economia e Commercio dell\u2019Universit\u00e0 degli Studi di Cassino nel &hellip; <a href=\"https:\/\/docenti-deps.unisi.it\/stefanianaddeo\/\" class=\"more-link\">Leggi tutto<span class=\"screen-reader-text\"> &#8220;Home&#8221;<\/span><\/a><\/p>\n","protected":false},"author":6,"featured_media":0,"parent":0,"menu_order":0,"comment_status":"closed","ping_status":"closed","template":"","meta":{"footnotes":""},"class_list":["post-9","page","type-page","status-publish","hentry"],"_links":{"self":[{"href":"https:\/\/docenti-deps.unisi.it\/stefanianaddeo\/wp-json\/wp\/v2\/pages\/9","targetHints":{"allow":["GET"]}}],"collection":[{"href":"https:\/\/docenti-deps.unisi.it\/stefanianaddeo\/wp-json\/wp\/v2\/pages"}],"about":[{"href":"https:\/\/docenti-deps.unisi.it\/stefanianaddeo\/wp-json\/wp\/v2\/types\/page"}],"author":[{"embeddable":true,"href":"https:\/\/docenti-deps.unisi.it\/stefanianaddeo\/wp-json\/wp\/v2\/users\/6"}],"replies":[{"embeddable":true,"href":"https:\/\/docenti-deps.unisi.it\/stefanianaddeo\/wp-json\/wp\/v2\/comments?post=9"}],"version-history":[{"count":7,"href":"https:\/\/docenti-deps.unisi.it\/stefanianaddeo\/wp-json\/wp\/v2\/pages\/9\/revisions"}],"predecessor-version":[{"id":784,"href":"https:\/\/docenti-deps.unisi.it\/stefanianaddeo\/wp-json\/wp\/v2\/pages\/9\/revisions\/784"}],"wp:attachment":[{"href":"https:\/\/docenti-deps.unisi.it\/stefanianaddeo\/wp-json\/wp\/v2\/media?parent=9"}],"curies":[{"name":"wp","href":"https:\/\/api.w.org\/{rel}","templated":true}]}}