{"id":1130,"date":"2022-02-09T09:36:37","date_gmt":"2022-02-09T08:36:37","guid":{"rendered":"https:\/\/docenti-deps.unisi.it\/stefanobartolini\/?page_id=1130"},"modified":"2022-02-09T09:36:37","modified_gmt":"2022-02-09T08:36:37","slug":"pubblicazioni-accademiche-e-libri","status":"publish","type":"page","link":"https:\/\/docenti-deps.unisi.it\/stefanobartolini\/pubblicazioni-accademiche-e-libri\/","title":{"rendered":"Pubblicazioni accademiche  e libri"},"content":{"rendered":"<p><em>Peer-review<\/em><\/p>\n<p>\u201cInvestigating environment-society-economy relations in time series in Europe using a synthetic input-state-output framework\u201d (con Sporchia, F., Paneni, A., Pulselli, F. M., Caro, D., e Coscieme, L.), Environmental Science &amp; Policy, 125, pp. 54-65, 2021<\/p>\n<p>\u201cMoney, Trust and Happiness in Transition Countries: Evidence from Time Series\u201d (con M. Mikucka and F. Sarracino), <em>Social Indicators Research<\/em>,\u00a0130, pp. 87\u2013106<em>, <\/em>2017<\/p>\n<p>\u201cDo People Care About Future Generations? Derived Preferences from Happiness Data\u201d (con F. Sarracino), Ecological Economics, 143, pp. 253\u2013275, 2016<\/p>\n<p>\u201cTwenty-five years of materialism: do the US and Europe diverge?\u201d (con F. Sarracino), <em>Social Indicators Research, <\/em>DOI: 10.1007\/s11205-016-1381-7, 2016<\/p>\n<p>\u201cThe dark side of Chinese growth: declining social capital and well-being in times of economic boom\u201d (con F. Sarracino), <em>World Development, <\/em>74, pp. 333\u2013351, 2015<\/p>\n<p><strong><em>\u201c<\/em><\/strong>Building sustainability through greater happiness\u201d, <em>The <\/em><em>Economic and Labor Relations Review<\/em>,\u00a0 Symposium on Development, Equity\u00a0and the Environment, 25, pp. 587-602, 2014<\/p>\n<p>\u201cHappy for How Long? How Social Capital and GDP relate to Happiness over Time\u201d, (con F. Sarracino), <em>Ecological Economics<\/em>, 108, pp. 242\u2013256, 2014.<\/p>\n<p>\u201cGreat recession and U.S. consumers&#8217; bulimia: deep causes and possible ways out\u201d, (con L. Bonatti e F. Sarracino), <em>Cambridge Journal of Economics, <\/em>38, pp. 1015\u20131042, 2014<\/p>\n<p>\u201cPredicting the trend of well-being in Germany: How much do comparisons, adaptation and sociability matter?\u201d (con E. Bilancini e F. Sarracino), <em>Social Indicators Research, <\/em>114 (3), pp. 169-191, 2013<\/p>\n<p>\u201cDid the Decline in Social Connections Depress Americans\u2019 Happiness?\u201d, (con E. Bilancini e M. Pugno), <em>Social Indicators Research<\/em>, 110, (3) pp. 1033-1059, 2013<\/p>\n<p>\u201cIf not only GDP, what else? Using relational goods to predict the trends of subjective well- being\u201d, (con E. Bilancini), <em>International Review of Economics<\/em>, 57 (2), pp. 199\u2013213, 2010<\/p>\n<p>\u201cEndogenous growth, decline in social capital and expansion of market activities\u201d, (con L. Bonatti), <em>Journal of Economic Behavior and Organization<\/em>, 67 (3), pp. 917-926, 2008<\/p>\n<p>\u201cThe role of social capital in enhancing factor productivity: does its erosion depress per-capita GDP?\u201d (con L. Bonatti), <em>Journal of Socio-Economics<\/em>, 37 (4), p.1539-1553, Aug 2008<\/p>\n<p>\u201cThe mobilization of human resources as an effect of the depletion of environmental and social assets\u201d, (con L. Bonatti), <em>Metroeconomica<\/em>, 57, pp.193-213, 2006<\/p>\n<p>\u201cNegative externalities, defensive expenditures and labor supply in an evolutionary context\u201d (con A. Antoci), <em>Environment and Development Economics<\/em>, 9, pp. 591-612, 2004<\/p>\n<p>\u201cEndogenous growth and negative externalities\u201d, (con L. Bonatti), <em>Journal of Economics<\/em>, 79, pp. 123-144, 2003<\/p>\n<p>\u201cUndesirable growth in a model with capital accumulation and environmental assets\u201d, (con L. Bonatti), <em>Environment and Development Economics<\/em>, 8, pp. 11-30, 2003<\/p>\n<p>\u201cEnvironmental and social degradation as the engine of economic growth\u201d, (con L. Bonatti), <em>Ecological Economics<\/em>, 41, pp. 1-16, 2002<\/p>\n<p><em>Sotto revisione<\/em><\/p>\n<p>\u201cSocial capital reduces the impact of social comparisons on subjective well-being: Evidence from international datasets\u201d (with M. Piekalkiewicz, F. Sarracino and G. Slater), versione rivista sotto revisione presso Plos One<\/p>\n<p><em>Monografie <\/em><\/p>\n<p>Ecologia della Felicit\u00e0, Aboca Edizioni, 2021<\/p>\n<p>\u201cManifesto for Happiness. Shifting society from money to well-being\u201d, in corso di pubblicazione nel 2020 presso Palgrave-McMillan.<\/p>\n<p>Il libro \u00e8 stato gi\u00e0 pubblicato in italiano da Donzelli nel 2010 e da Feltrinelli nel 2013. Pubblicato in francese (editore Les liens qui lib\u00e8rent, 2013), in albanese (editore Botine Perpjekja 2014) ed in giapponese (editore Commons Publishing Inc. 2018). La prima parte del libro \u00e8 stata pubblicata in spagnolo nel volume collettaneo Politicas Y Bienestar Sujetivo (a cura di D. G\u00f3mez-\u00c1lvarez e V. Ortiz Ortega, 2016).<\/p>\n<p><em>Articoli su volumi collettanei<\/em><\/p>\n<p>\u201cHappier and sustainable: possibilities for a post-growth society\u201d (con F. Sarracino), in Zimmermann K. F., (curatore), Handbook of Labor, Human Resources and Population Economics, Springer (in corso di pubblicazione)<\/p>\n<p>&#8220;Unhappiness as an Engine of Economic Growth &#8220;, in M. Rojas (curatore), The Economics of Happiness: How the Easterlin Paradox Transformed Our Understanding of Well-Being and Progress, Springer, 2019, pp. 271-301.<\/p>\n<p>\u201cIntroduction\u201d (con Ennio Bilancini, Luigino Bruni e Pierluigi Porta), in Stefano Bartolini, Ennio Bilancini, Luigino Bruni e Pier Luigi Porta (curatori), \u201cPolicies for Happiness\u201d, Oxford University Press, pp. 1-17, 2016<\/p>\n<p>\u201cSocial Capital Predicts Happiness Over Time: World-Wide Evidence from Time Series\u201d, (con Ennio Bilancini e Francesco Sarracino), in Stefano Bartolini, Ennio Bilancini, Luigino Bruni e Pier Luigi Porta (curatori), \u201cPolicies for Happiness\u201d, Oxford University Press, pp. 175-198, 2016<\/p>\n<p>\u201cBuying alone: how the decreasing American happiness turned into the current economic crisis\u201d, in Timo J. H\u00e4m\u00e4l\u00e4inen and Juliet Michaelson (curatori), \u201cWell-Being and Beyond: Broadening the Public and Policy Discourse\u201d, Edward Elgar, Cheltenham, pp. 144-181, 2014<\/p>\n<p>\u201cComprare da soli. Come l\u2019infelicit\u00e0 degli americani si \u00e8 trasformata nella crisi economica attuale\u201d, in Pettini A. e Ventura A. (curatori), \u201cQuale crescita. La teoria economica alla prova della crisi\u201d, Asino D\u2019Oro, Roma, pp. 3-56, 2014.<\/p>\n<p>\u201cAre stressful jobs the price to pay for economic prosperity?\u201d,(con F. Sarracino) in F. Sarracino, (curatori), The happiness compass: theories, actions and perspectives for well-being, capitolo 9, Nova Science Publishers, pp,125-140, 2013<\/p>\n<p>\u201cChe tipo di animale siamo?\u201d in E. Basile, G. Lunghini e F. Volpi (curatori), Pensare il Capitalismo, Franco Angeli, Milano, pp. 51-60, 2013<\/p>\n<p>\u201cSocial Assets, Technical Progress and Long-Run Welfare\u201d, (con L. Bonatti) in L. Sacconi and G. Degli Antoni (curatori), &#8220;Social Capital, Corporate Social Responsibility, Economic Behavior and Performance&#8221;, Palgrave Mc Millan, Chippenham and Eastbourne, pp. 307-330, 2010<\/p>\n<p>\u201cWhy are people so unhappy? Why do they strive so hard for money? Competing Explanations of the Broken Promises of Economic Growth\u201d, in L. Bruni and Porta P. L. (curatori), \u201cHandbook on the Economics of Happiness\u201d, Edward Elgar, Cheltenham, pp. 337-364, 2007<\/p>\n<p>\u201cBeyond Accumulation and Technical Progress: Negative Externalities as an Engine of Economic Growth\u201d, in Basili M., Franzini M., Vercelli S. (curatori), \u201cEnvironment, Inequality and Collective Action\u201d, Routledge, London and New York, 2006<\/p>\n<p>\u201cUna spiegazione della fretta e della infelicit\u00e0 contemporanee\u201d, in Bruni L., Porta P. L. (curatori), \u201cFelicit\u00e0 ed economia\u201d, Guerini e Associati, Milano, pp 217-235, 2004<\/p>\n<p>\u201cEconomia e felicit\u00e0: una proposta di accordo\u201d (con R. Palma), in L. Bruni e V. Pelligra (curatori), \u201cEconomia come impegno civile\u201d, Citt\u00e0 Nuova, Roma, pp.121-158, 2002<\/p>\n<p>\u201cDinamiche di concentrazione della propriet\u00e0 a S: Croce sull\u2019Arno\u201d, in M. Bellandi e M. Russo (curatori), \u201cDistretti industriali e cambiamento economico locale\u201d, Torino: Rosenberg e Sellier, pp.201-212, 1994<\/p>\n<p><em>Volumi curati<\/em><\/p>\n<p>\u201cPolicies for Happiness\u201d (con Ennio Bilancini, Luigino Bruni e Pier Luigi Porta, edd.), Oxford University Press, Oxford, 2016<\/p>\n<p><em>Enciclopedie <\/em><\/p>\n<p>Autore della voce \u201cRelational Goods\u201d, in: Michalos AC (Ed.). Encyclopedia of Quality of Life and Well-Being Research. Springer, Dordrecht, pp. 5428-5429, 2014<\/p>\n<p><em>Altre pubblicazioni <\/em><\/p>\n<p>\u201cCitt\u00e0 verdi e felici?\u201d, Equilibri. Rivista per lo sviluppo sostenibile, 24(2), pp. 373-400<\/p>\n<p><em>Working papers non ancora pubblicati<\/em><\/p>\n<p>\u201c<a href=\"http:\/\/www.econ-pol.unisi.it\/dipartimento\/it\/node\/1407\">Social Participation and Hours Worked<\/a>\u201d (con E. Bilancini), Quaderni del Dipartimento di Economia Politica e Statistica, Universit\u00e0 di Siena, n. 620, 2011<\/p>\n<p>\u201cSocial capital as disease prevention\u201d, Quaderni del Dipartimento di Economia Politica e Statistica, Universit\u00e0 di Siena, n. 778, 2018<\/p>\n<p><em>Rapporti<\/em><\/p>\n<p>&#8220;Scenari per la depurazione idrica nella &#8216;Terza Italia&#8217;: una analisi multicriterio del caso di Prato&#8221;, rapporto per programma europeo \u201cHuman capital and mobility\u201d, Trento, 1997.<\/p>\n<p>\u201cCombustibili rinnovabili da sistemi agricoli integrati nello scenario energetico dell\u2019Uruguay\u201d (con E. Cresta ed E. Tiezzi), presented at the\u00a0 International Conference on Energy Options and the Rural Area, Bologna 1988.<\/p>\n<p>Aggiornato al febbraio 2022<\/p>\n","protected":false},"excerpt":{"rendered":"<p>Peer-review \u201cInvestigating environment-society-economy relations in time series in Europe using a synthetic input-state-output framework\u201d (con Sporchia, F., Paneni, A., Pulselli, F. M., Caro, D., e Coscieme, L.), Environmental Science &amp; Policy, 125, pp. 54-65, 2021 \u201cMoney, Trust and Happiness in Transition Countries: Evidence from Time Series\u201d (con M. Mikucka and F. Sarracino), Social Indicators Research,\u00a0130, &hellip; <a href=\"https:\/\/docenti-deps.unisi.it\/stefanobartolini\/pubblicazioni-accademiche-e-libri\/\" class=\"more-link\">Leggi tutto<span class=\"screen-reader-text\"> &#8220;Pubblicazioni accademiche  e libri&#8221;<\/span><\/a><\/p>\n","protected":false},"author":9,"featured_media":0,"parent":0,"menu_order":0,"comment_status":"closed","ping_status":"closed","template":"","meta":{"footnotes":""},"class_list":["post-1130","page","type-page","status-publish","hentry"],"_links":{"self":[{"href":"https:\/\/docenti-deps.unisi.it\/stefanobartolini\/wp-json\/wp\/v2\/pages\/1130","targetHints":{"allow":["GET"]}}],"collection":[{"href":"https:\/\/docenti-deps.unisi.it\/stefanobartolini\/wp-json\/wp\/v2\/pages"}],"about":[{"href":"https:\/\/docenti-deps.unisi.it\/stefanobartolini\/wp-json\/wp\/v2\/types\/page"}],"author":[{"embeddable":true,"href":"https:\/\/docenti-deps.unisi.it\/stefanobartolini\/wp-json\/wp\/v2\/users\/9"}],"replies":[{"embeddable":true,"href":"https:\/\/docenti-deps.unisi.it\/stefanobartolini\/wp-json\/wp\/v2\/comments?post=1130"}],"version-history":[{"count":1,"href":"https:\/\/docenti-deps.unisi.it\/stefanobartolini\/wp-json\/wp\/v2\/pages\/1130\/revisions"}],"predecessor-version":[{"id":1131,"href":"https:\/\/docenti-deps.unisi.it\/stefanobartolini\/wp-json\/wp\/v2\/pages\/1130\/revisions\/1131"}],"wp:attachment":[{"href":"https:\/\/docenti-deps.unisi.it\/stefanobartolini\/wp-json\/wp\/v2\/media?parent=1130"}],"curies":[{"name":"wp","href":"https:\/\/api.w.org\/{rel}","templated":true}]}}